{"id":146200,"date":"2026-02-11T11:17:10","date_gmt":"2026-02-11T10:17:10","guid":{"rendered":"https:\/\/www.yoolabox.com\/?post_type=product&#038;p=146200"},"modified":"2026-03-20T12:00:13","modified_gmt":"2026-03-20T11:00:13","slug":"rabah-asma-yennayer-2977-samedi-9-janvier-2027-zenith-paris-la-villette","status":"publish","type":"product","link":"https:\/\/www.yoolabox.com\/index.php\/produit\/rabah-asma-yennayer-2977-samedi-9-janvier-2027-zenith-paris-la-villette\/","title":{"rendered":"RABAH ASMA YENNAYER\u00a02977- SAMEDI 9 JANVIER 2027 &#8211; Z\u00e9nith Paris &#8211; La Villette"},"content":{"rendered":"<h1>RABAH ASMA YENNAYER\u00a0 2977<\/h1>\n<h3><strong>Samedi 09 janvier 2027 &#8211; 20:00<\/strong><\/h3>\n<p><em><strong>Zenith Paris &#8211; La Villette<\/strong><\/em><\/p>\n<p>\u00c0 l\u2019occasion de Yennayer 2977<\/p>\n<p>Le 9 janvier, le Z\u00e9nith Paris \u2013 La Villette accueillera un \u00e9v\u00e9nement unique, historique et profond\u00e9ment symbolique : le dernier concert de Rabah Asma.<\/p>\n<p>\u00c0 l\u2019occasion de Yennayer 2977, nouvel an amazigh, Rabah Asma montera sur sc\u00e8ne pour un dernier concert exceptionnel, plac\u00e9e sous le signe de la m\u00e9moire, de la transmission et de la c\u00e9l\u00e9bration.<\/p>\n<p>Un moment rare, charg\u00e9 d\u2019\u00e9motion, o\u00f9 se croisent plusieurs g\u00e9n\u00e9rations, unies par la musique et l\u2019h\u00e9ritage culturel kabyle.<\/p>\n<p>&nbsp;<\/p>\n<p>Ce concert sera un v\u00e9ritable voyage \u00e0 travers sa carri\u00e8re :<\/p>\n<p>Ses plus grands classiques, les titres embl\u00e9matiques qui ont marqu\u00e9 des d\u00e9cennies, mais aussi des p\u00e9pites plus confidentielles, ch\u00e8res aux connaisseurs. Un retour sinc\u00e8re et puissant sur une \u0153uvre qui a accompagn\u00e9 des milliers de vies.<\/p>\n<p>&nbsp;<\/p>\n<p>Entour\u00e9 d\u2019invit\u00e9s, Rabah Asma offrira au public un dernier grand rendez-vous, \u00e0 la hauteur de son parcours et de l\u2019amour que son public lui porte.<\/p>\n<p>&nbsp;<\/p>\n","protected":false},"excerpt":{"rendered":"<h1>RABAH ASMA<\/h1>\n<h3><strong>Samedi 09 janvier 2027 &#8211; 20:00<\/strong><\/h3>\n<p><em><strong>Zenith Paris &#8211; La Villette<\/strong><\/em><\/p>\n<p>\u00c0 l\u2019occasion de Yennayer 2977<\/p>\n<p>Le 9 janvier, le Z\u00e9nith Paris \u2013 La Villette accueillera un \u00e9v\u00e9nement unique, historique et profond\u00e9ment symbolique : le dernier concert de Rabah Asma.<\/p>\n<p>\u00c0 l\u2019occasion de Yennayer 2977, nouvel an amazigh, Rabah Asma montera sur sc\u00e8ne pour un dernier concert exceptionnel, plac\u00e9e sous le signe de la m\u00e9moire, de la transmission et de la c\u00e9l\u00e9bration.<\/p>\n<p>Un moment rare, charg\u00e9 d\u2019\u00e9motion, o\u00f9 se croisent plusieurs g\u00e9n\u00e9rations, unies par la musique et l\u2019h\u00e9ritage culturel kabyle.<\/p>\n<p>&nbsp;<\/p>\n<p>Ce concert sera un v\u00e9ritable voyage \u00e0 travers sa carri\u00e8re :<\/p>\n<p>Ses plus grands classiques, les titres embl\u00e9matiques qui ont marqu\u00e9 des d\u00e9cennies, mais aussi des p\u00e9pites plus confidentielles, ch\u00e8res aux connaisseurs. Un retour sinc\u00e8re et puissant sur une \u0153uvre qui a accompagn\u00e9 des milliers de vies.<\/p>\n<p>&nbsp;<\/p>\n<p>Entour\u00e9 d\u2019invit\u00e9s, Rabah Asma offrira au public un dernier grand rendez-vous, \u00e0 la hauteur de son parcours et de l\u2019amour que son public lui porte.<\/p>\n<p>&nbsp;<\/p>\n","protected":false},"author":8364,"featured_media":147300,"template":"","meta":{"_acf_changed":false},"product_brand":[],"product_cat":[815,817,55,1314,818,160,1316,161,1132,2312,2311],"product_tag":[2697,2313],"class_list":{"0":"post-146200","1":"product","2":"type-product","3":"status-publish","4":"has-post-thumbnail","6":"product_cat-handicap","7":"product_cat-boucle-magnetique","8":"product_cat-concert","9":"product_cat-emplacement-adapte","10":"product_cat-fauteuil-roulant","11":"product_cat-ile-de-france","12":"product_cat-accessible-naturellement-malvoyant","13":"product_cat-region","14":"product_cat-salles","15":"product_cat-zenith-paris-salles","16":"product_cat-zenith-paris","17":"product_tag-rabah-asma","18":"product_tag-zenith-paris","19":"pa_categorie-accompagnateur-pmr-fauteuil-gradin-porte-c","20":"pa_categorie-accompagnateur-pmr-fauteuil-gradin-porte-d","21":"pa_categorie-accompagnateur-pmr-fauteuil-gradin-porte-e","22":"pa_categorie-accompagnateur-pmr-fauteuil-gradin-porte-f","23":"pa_categorie-accompagnateur-psh-marchant-gradin-porte-g","24":"pa_categorie-pmr-fauteuil-gradin-porte-c","25":"pa_categorie-pmr-fauteuil-gradin-porte-d","26":"pa_categorie-pmr-fauteuil-gradin-porte-e","27":"pa_categorie-pmr-fauteuil-gradin-porte-f","28":"pa_categorie-psh-marchant-gradin-porte-g","29":"product-custom-label-billetterie-officielle","30":"product-custom-label-ebillet","31":"product-custom-label-emplacement-fauteuil","32":"product-custom-label-handicap-mental","33":"product-custom-label-mal-voyant","34":"product-custom-label-surdite","35":"badges-style-3","37":"first","38":"instock","39":"shipping-taxable","40":"purchasable","41":"product-type-variable"},"acf":[],"yoast_head":"<!-- This site is optimized with the Yoast SEO plugin v27.2 - https:\/\/yoast.com\/product\/yoast-seo-wordpress\/ -->\n<title>RABAH ASMA YENNAYER\u00a02977- SAMEDI 9 JANVIER 2027 - Z\u00e9nith Paris - La Villette - Yoolabox.com<\/title>\n<meta name=\"robots\" content=\"index, follow, max-snippet:-1, max-image-preview:large, max-video-preview:-1\" \/>\n<link rel=\"canonical\" href=\"https:\/\/www.yoolabox.com\/index.php\/produit\/rabah-asma-yennayer-2977-samedi-9-janvier-2027-zenith-paris-la-villette\/\" \/>\n<meta name=\"twitter:card\" content=\"summary_large_image\" \/>\n<meta name=\"twitter:title\" content=\"RABAH ASMA YENNAYER\u00a02977- SAMEDI 9 JANVIER 2027 - Z\u00e9nith Paris - La Villette - Yoolabox.com\" \/>\n<meta name=\"twitter:description\" content=\"RABAH ASMA Samedi 09 janvier 2027 - 20:00 Zenith Paris - La Villette  \u00c0 l\u2019occasion de Yennayer 2977  Le 9 janvier, le Z\u00e9nith Paris \u2013 La Villette accueillera un \u00e9v\u00e9nement unique, historique et profond\u00e9ment symbolique : le dernier concert de Rabah Asma.  \u00c0 l\u2019occasion de Yennayer 2977, nouvel an amazigh, Rabah Asma montera sur sc\u00e8ne pour un dernier concert exceptionnel, plac\u00e9e sous le signe de la m\u00e9moire, de la transmission et de la c\u00e9l\u00e9bration.  Un moment rare, charg\u00e9 d\u2019\u00e9motion, o\u00f9 se croisent plusieurs g\u00e9n\u00e9rations, unies par la musique et l\u2019h\u00e9ritage culturel kabyle.  &nbsp;  Ce concert sera un v\u00e9ritable voyage \u00e0 travers sa carri\u00e8re :  Ses plus grands classiques, les titres embl\u00e9matiques qui ont marqu\u00e9 des d\u00e9cennies, mais aussi des p\u00e9pites plus confidentielles, ch\u00e8res aux connaisseurs. Un retour sinc\u00e8re et puissant sur une \u0153uvre qui a accompagn\u00e9 des milliers de vies.  &nbsp;  Entour\u00e9 d\u2019invit\u00e9s, Rabah Asma offrira au public un dernier grand rendez-vous, \u00e0 la hauteur de son parcours et de l\u2019amour que son public lui porte.  &nbsp;\" \/>\n<meta name=\"twitter:image\" content=\"https:\/\/www.yoolabox.com\/wp-content\/uploads\/2026\/02\/RABAH-ASMA-YENNAYER-2977.png\" \/>\n<meta name=\"twitter:label1\" content=\"Dur\u00e9e de lecture estim\u00e9e\" \/>\n\t<meta name=\"twitter:data1\" content=\"2 minutes\" \/>\n<script type=\"application\/ld+json\" class=\"yoast-schema-graph\">{\"@context\":\"https:\/\/schema.org\",\"@graph\":[{\"@type\":\"WebPage\",\"@id\":\"https:\/\/www.yoolabox.com\/index.php\/produit\/rabah-asma-yennayer-2977-samedi-9-janvier-2027-zenith-paris-la-villette\/\",\"url\":\"https:\/\/www.yoolabox.com\/index.php\/produit\/rabah-asma-yennayer-2977-samedi-9-janvier-2027-zenith-paris-la-villette\/\",\"name\":\"RABAH ASMA YENNAYER\u00a02977- SAMEDI 9 JANVIER 2027 - Z\u00e9nith Paris - La Villette - Yoolabox.com\",\"isPartOf\":{\"@id\":\"https:\/\/www.yoolabox.com\/#website\"},\"primaryImageOfPage\":{\"@id\":\"https:\/\/www.yoolabox.com\/index.php\/produit\/rabah-asma-yennayer-2977-samedi-9-janvier-2027-zenith-paris-la-villette\/#primaryimage\"},\"image\":{\"@id\":\"https:\/\/www.yoolabox.com\/index.php\/produit\/rabah-asma-yennayer-2977-samedi-9-janvier-2027-zenith-paris-la-villette\/#primaryimage\"},\"thumbnailUrl\":\"https:\/\/www.yoolabox.com\/wp-content\/uploads\/2026\/02\/RABAH-ASMA-YENNAYER-2977.png\",\"datePublished\":\"2026-02-11T10:17:10+00:00\",\"dateModified\":\"2026-03-20T11:00:13+00:00\",\"breadcrumb\":{\"@id\":\"https:\/\/www.yoolabox.com\/index.php\/produit\/rabah-asma-yennayer-2977-samedi-9-janvier-2027-zenith-paris-la-villette\/#breadcrumb\"},\"inLanguage\":\"fr-FR\",\"potentialAction\":[{\"@type\":\"ReadAction\",\"target\":[\"https:\/\/www.yoolabox.com\/index.php\/produit\/rabah-asma-yennayer-2977-samedi-9-janvier-2027-zenith-paris-la-villette\/\"]}]},{\"@type\":\"ImageObject\",\"inLanguage\":\"fr-FR\",\"@id\":\"https:\/\/www.yoolabox.com\/index.php\/produit\/rabah-asma-yennayer-2977-samedi-9-janvier-2027-zenith-paris-la-villette\/#primaryimage\",\"url\":\"https:\/\/www.yoolabox.com\/wp-content\/uploads\/2026\/02\/RABAH-ASMA-YENNAYER-2977.png\",\"contentUrl\":\"https:\/\/www.yoolabox.com\/wp-content\/uploads\/2026\/02\/RABAH-ASMA-YENNAYER-2977.png\",\"width\":600,\"height\":738},{\"@type\":\"BreadcrumbList\",\"@id\":\"https:\/\/www.yoolabox.com\/index.php\/produit\/rabah-asma-yennayer-2977-samedi-9-janvier-2027-zenith-paris-la-villette\/#breadcrumb\",\"itemListElement\":[{\"@type\":\"ListItem\",\"position\":1,\"name\":\"Home\",\"item\":\"https:\/\/www.yoolabox.com\/\"},{\"@type\":\"ListItem\",\"position\":2,\"name\":\"Shop\",\"item\":\"https:\/\/www.yoolabox.com\/index.php\/shop\/\"},{\"@type\":\"ListItem\",\"position\":3,\"name\":\"RABAH ASMA YENNAYER\u00a02977- SAMEDI 9 JANVIER 2027 &#8211; Z\u00e9nith Paris &#8211; La Villette\"}]},{\"@type\":\"WebSite\",\"@id\":\"https:\/\/www.yoolabox.com\/#website\",\"url\":\"https:\/\/www.yoolabox.com\/\",\"name\":\"Yoolabox.com\",\"description\":\"La billetterie accessible \u00e0 tous\",\"publisher\":{\"@id\":\"https:\/\/www.yoolabox.com\/#organization\"},\"potentialAction\":[{\"@type\":\"SearchAction\",\"target\":{\"@type\":\"EntryPoint\",\"urlTemplate\":\"https:\/\/www.yoolabox.com\/?s={search_term_string}\"},\"query-input\":{\"@type\":\"PropertyValueSpecification\",\"valueRequired\":true,\"valueName\":\"search_term_string\"}}],\"inLanguage\":\"fr-FR\"},{\"@type\":\"Organization\",\"@id\":\"https:\/\/www.yoolabox.com\/#organization\",\"name\":\"Yoolabox.com\",\"url\":\"https:\/\/www.yoolabox.com\/\",\"logo\":{\"@type\":\"ImageObject\",\"inLanguage\":\"fr-FR\",\"@id\":\"https:\/\/www.yoolabox.com\/#\/schema\/logo\/image\/\",\"url\":\"https:\/\/www.yoolabox.com\/wp-content\/uploads\/2019\/11\/cropped-Logo_web.jpg\",\"contentUrl\":\"https:\/\/www.yoolabox.com\/wp-content\/uploads\/2019\/11\/cropped-Logo_web.jpg\",\"width\":300,\"height\":100,\"caption\":\"Yoolabox.com\"},\"image\":{\"@id\":\"https:\/\/www.yoolabox.com\/#\/schema\/logo\/image\/\"}}]}<\/script>\n<!-- \/ Yoast SEO plugin. -->","yoast_head_json":{"title":"RABAH ASMA YENNAYER\u00a02977- SAMEDI 9 JANVIER 2027 - Z\u00e9nith Paris - La Villette - Yoolabox.com","robots":{"index":"index","follow":"follow","max-snippet":"max-snippet:-1","max-image-preview":"max-image-preview:large","max-video-preview":"max-video-preview:-1"},"canonical":"https:\/\/www.yoolabox.com\/index.php\/produit\/rabah-asma-yennayer-2977-samedi-9-janvier-2027-zenith-paris-la-villette\/","twitter_card":"summary_large_image","twitter_title":"RABAH ASMA YENNAYER\u00a02977- SAMEDI 9 JANVIER 2027 - Z\u00e9nith Paris - La Villette - Yoolabox.com","twitter_description":"RABAH ASMA Samedi 09 janvier 2027 - 20:00 Zenith Paris - La Villette  \u00c0 l\u2019occasion de Yennayer 2977  Le 9 janvier, le Z\u00e9nith Paris \u2013 La Villette accueillera un \u00e9v\u00e9nement unique, historique et profond\u00e9ment symbolique : le dernier concert de Rabah Asma.  \u00c0 l\u2019occasion de Yennayer 2977, nouvel an amazigh, Rabah Asma montera sur sc\u00e8ne pour un dernier concert exceptionnel, plac\u00e9e sous le signe de la m\u00e9moire, de la transmission et de la c\u00e9l\u00e9bration.  Un moment rare, charg\u00e9 d\u2019\u00e9motion, o\u00f9 se croisent plusieurs g\u00e9n\u00e9rations, unies par la musique et l\u2019h\u00e9ritage culturel kabyle.  &nbsp;  Ce concert sera un v\u00e9ritable voyage \u00e0 travers sa carri\u00e8re :  Ses plus grands classiques, les titres embl\u00e9matiques qui ont marqu\u00e9 des d\u00e9cennies, mais aussi des p\u00e9pites plus confidentielles, ch\u00e8res aux connaisseurs. Un retour sinc\u00e8re et puissant sur une \u0153uvre qui a accompagn\u00e9 des milliers de vies.  &nbsp;  Entour\u00e9 d\u2019invit\u00e9s, Rabah Asma offrira au public un dernier grand rendez-vous, \u00e0 la hauteur de son parcours et de l\u2019amour que son public lui porte.  &nbsp;","twitter_image":"https:\/\/www.yoolabox.com\/wp-content\/uploads\/2026\/02\/RABAH-ASMA-YENNAYER-2977.png","twitter_misc":{"Dur\u00e9e de lecture estim\u00e9e":"2 minutes"},"schema":{"@context":"https:\/\/schema.org","@graph":[{"@type":"WebPage","@id":"https:\/\/www.yoolabox.com\/index.php\/produit\/rabah-asma-yennayer-2977-samedi-9-janvier-2027-zenith-paris-la-villette\/","url":"https:\/\/www.yoolabox.com\/index.php\/produit\/rabah-asma-yennayer-2977-samedi-9-janvier-2027-zenith-paris-la-villette\/","name":"RABAH ASMA YENNAYER\u00a02977- SAMEDI 9 JANVIER 2027 - Z\u00e9nith Paris - La Villette - Yoolabox.com","isPartOf":{"@id":"https:\/\/www.yoolabox.com\/#website"},"primaryImageOfPage":{"@id":"https:\/\/www.yoolabox.com\/index.php\/produit\/rabah-asma-yennayer-2977-samedi-9-janvier-2027-zenith-paris-la-villette\/#primaryimage"},"image":{"@id":"https:\/\/www.yoolabox.com\/index.php\/produit\/rabah-asma-yennayer-2977-samedi-9-janvier-2027-zenith-paris-la-villette\/#primaryimage"},"thumbnailUrl":"https:\/\/www.yoolabox.com\/wp-content\/uploads\/2026\/02\/RABAH-ASMA-YENNAYER-2977.png","datePublished":"2026-02-11T10:17:10+00:00","dateModified":"2026-03-20T11:00:13+00:00","breadcrumb":{"@id":"https:\/\/www.yoolabox.com\/index.php\/produit\/rabah-asma-yennayer-2977-samedi-9-janvier-2027-zenith-paris-la-villette\/#breadcrumb"},"inLanguage":"fr-FR","potentialAction":[{"@type":"ReadAction","target":["https:\/\/www.yoolabox.com\/index.php\/produit\/rabah-asma-yennayer-2977-samedi-9-janvier-2027-zenith-paris-la-villette\/"]}]},{"@type":"ImageObject","inLanguage":"fr-FR","@id":"https:\/\/www.yoolabox.com\/index.php\/produit\/rabah-asma-yennayer-2977-samedi-9-janvier-2027-zenith-paris-la-villette\/#primaryimage","url":"https:\/\/www.yoolabox.com\/wp-content\/uploads\/2026\/02\/RABAH-ASMA-YENNAYER-2977.png","contentUrl":"https:\/\/www.yoolabox.com\/wp-content\/uploads\/2026\/02\/RABAH-ASMA-YENNAYER-2977.png","width":600,"height":738},{"@type":"BreadcrumbList","@id":"https:\/\/www.yoolabox.com\/index.php\/produit\/rabah-asma-yennayer-2977-samedi-9-janvier-2027-zenith-paris-la-villette\/#breadcrumb","itemListElement":[{"@type":"ListItem","position":1,"name":"Home","item":"https:\/\/www.yoolabox.com\/"},{"@type":"ListItem","position":2,"name":"Shop","item":"https:\/\/www.yoolabox.com\/index.php\/shop\/"},{"@type":"ListItem","position":3,"name":"RABAH ASMA YENNAYER\u00a02977- SAMEDI 9 JANVIER 2027 &#8211; Z\u00e9nith Paris &#8211; La Villette"}]},{"@type":"WebSite","@id":"https:\/\/www.yoolabox.com\/#website","url":"https:\/\/www.yoolabox.com\/","name":"Yoolabox.com","description":"La billetterie accessible \u00e0 tous","publisher":{"@id":"https:\/\/www.yoolabox.com\/#organization"},"potentialAction":[{"@type":"SearchAction","target":{"@type":"EntryPoint","urlTemplate":"https:\/\/www.yoolabox.com\/?s={search_term_string}"},"query-input":{"@type":"PropertyValueSpecification","valueRequired":true,"valueName":"search_term_string"}}],"inLanguage":"fr-FR"},{"@type":"Organization","@id":"https:\/\/www.yoolabox.com\/#organization","name":"Yoolabox.com","url":"https:\/\/www.yoolabox.com\/","logo":{"@type":"ImageObject","inLanguage":"fr-FR","@id":"https:\/\/www.yoolabox.com\/#\/schema\/logo\/image\/","url":"https:\/\/www.yoolabox.com\/wp-content\/uploads\/2019\/11\/cropped-Logo_web.jpg","contentUrl":"https:\/\/www.yoolabox.com\/wp-content\/uploads\/2019\/11\/cropped-Logo_web.jpg","width":300,"height":100,"caption":"Yoolabox.com"},"image":{"@id":"https:\/\/www.yoolabox.com\/#\/schema\/logo\/image\/"}}]}},"publishpress_future_action":{"enabled":false,"date":"2026-04-24 01:22:47","action":"change-status","newStatus":"draft","terms":[],"taxonomy":"product_cat","extraData":[]},"publishpress_future_workflow_manual_trigger":{"enabledWorkflows":[]},"_links":{"self":[{"href":"https:\/\/www.yoolabox.com\/index.php\/wp-json\/wp\/v2\/product\/146200","targetHints":{"allow":["GET"]}}],"collection":[{"href":"https:\/\/www.yoolabox.com\/index.php\/wp-json\/wp\/v2\/product"}],"about":[{"href":"https:\/\/www.yoolabox.com\/index.php\/wp-json\/wp\/v2\/types\/product"}],"author":[{"embeddable":true,"href":"https:\/\/www.yoolabox.com\/index.php\/wp-json\/wp\/v2\/users\/8364"}],"version-history":[{"count":0,"href":"https:\/\/www.yoolabox.com\/index.php\/wp-json\/wp\/v2\/product\/146200\/revisions"}],"wp:featuredmedia":[{"embeddable":true,"href":"https:\/\/www.yoolabox.com\/index.php\/wp-json\/wp\/v2\/media\/147300"}],"wp:attachment":[{"href":"https:\/\/www.yoolabox.com\/index.php\/wp-json\/wp\/v2\/media?parent=146200"}],"wp:term":[{"taxonomy":"product_brand","embeddable":true,"href":"https:\/\/www.yoolabox.com\/index.php\/wp-json\/wp\/v2\/product_brand?post=146200"},{"taxonomy":"product_cat","embeddable":true,"href":"https:\/\/www.yoolabox.com\/index.php\/wp-json\/wp\/v2\/product_cat?post=146200"},{"taxonomy":"product_tag","embeddable":true,"href":"https:\/\/www.yoolabox.com\/index.php\/wp-json\/wp\/v2\/product_tag?post=146200"}],"curies":[{"name":"wp","href":"https:\/\/api.w.org\/{rel}","templated":true}]}}