{"id":142408,"date":"2025-11-13T09:26:28","date_gmt":"2025-11-13T08:26:28","guid":{"rendered":"https:\/\/www.yoolabox.com\/?post_type=product&#038;p=142408"},"modified":"2026-04-07T09:41:32","modified_gmt":"2026-04-07T07:41:32","slug":"disney-en-concert-suivez-vos-reves-12-13-decembre-2026-zenith-paris-la-villette","status":"publish","type":"product","link":"https:\/\/www.yoolabox.com\/index.php\/produit\/disney-en-concert-suivez-vos-reves-12-13-decembre-2026-zenith-paris-la-villette\/","title":{"rendered":"DISNEY EN CONCERT \u2013 SUIVEZ VOS REVES &#8211; 12 &#038; 13 DECEMBRE 2026 &#8211; Z\u00e9nith Paris La Villette"},"content":{"rendered":"<h1 class=\"gemino-data-event-title\">DISNEY EN CONCERT \u2013 SUIVEZ VOS REVES<\/h1>\n<p class=\"xmsonormal\"><b><span style=\"font-size: 11.5pt; color: #212121;\">Samedi 12 d\u00e9cembre : 20:00 \u00a0(ouverture des portes 18H30)<\/span><\/b><u><\/u><\/p>\n<p class=\"m-7755208042735131767default\"><b><span style=\"font-size: 11.5pt; color: #212121;\">Dimanche 13 d\u00e9cembre : 15:00 (ouverture des portes 13H30)<\/span><\/b><\/p>\n<p>Z\u00e9nith Paris La Villette<\/p>\n<p>En 2026 petits et grands sont invit\u00e9s \u00e0\u00a0<strong>plonger dans la magie des plus belles musiques de Disney<\/strong>. Port\u00e9 par les images et les m\u00e9lodies embl\u00e9matiques des grands classiques, ce spectacle propose une exp\u00e9rience musicale et visuelle unique, entre \u00e9motion et \u00e9merveillement.<\/p>\n<p>De la lumi\u00e8re dor\u00e9e du royaume de Simba aux flocons \u00e9tincelants du monde d\u2019Elsa, des oc\u00e9ans infinis de Vaiana aux horizons lointains de Pocahontas , chaque tableau est une escale au c\u0153ur de l\u2019imaginaire Disney.<\/p>\n<p>Sur sc\u00e8ne,\u00a0<strong>un orchestre symphonique, accompagn\u00e9 de chanteurs et de danseurs,<\/strong>\u00a0<strong>fait r\u00e9sonner la magie des r\u00eaves<\/strong>. Les partitions intemporelles des chefs-d\u2019\u0153uvre Disney prennent vie devant un \u00e9cran g\u00e9ant o\u00f9 d\u00e9filent les extraits des films les plus iconiques, le tout sublim\u00e9 par un show lumi\u00e8re pour une immersion totale dans la musique et l\u2019image.<\/p>\n<p>Au fil du spectacle, le public est transport\u00e9 d\u2019un r\u00eave \u00e0 l\u2019autre : il s\u2019envole avec Peter Pan vers le Pays Imaginaire, d\u00e9couvre la magie d\u2019Agrabah avec Aladdin ou se laisse guider par la lumi\u00e8re de Cendrillon et de son r\u00eave devenu r\u00e9alit\u00e9.<\/p>\n<p><em>\u00ab Disney en Concert \u2013 Suivez vos r\u00eaves \u00bb<\/em>\u00a0c\u00e9l\u00e8bre les grandes \u00e9motions qui traversent l\u2019univers Disney.<strong>\u00a0Un spectacle pour toute la famille, mais aussi pour tous ceux qui ont grandi avec ces films et qui, le temps d\u2019une soir\u00e9e, renouent avec leurs souvenirs d\u2019enfance \u00e0 travers la puissance de la musique symphonique.<\/strong><\/p>\n<p>interpr\u00e9tation Sinfonia Pop Orchestra<\/p>\n<p>dur\u00e9e 2h15 entracte comprise<\/p>\n","protected":false},"excerpt":{"rendered":"<h1 class=\"gemino-data-event-title\">DISNEY EN CONCERT \u2013 SUIVEZ VOS REVES<\/h1>\n<p class=\"xmsonormal\"><b><span style=\"font-size: 11.5pt; color: #212121;\">Samedi 12 d\u00e9cembre : 20:00 \u00a0(ouverture des portes 18H30)<\/span><\/b><u><\/u><\/p>\n<p class=\"m-7755208042735131767default\"><b><span style=\"font-size: 11.5pt; color: #212121;\">Dimanche 13 d\u00e9cembre : 15:00 (ouverture des portes 13H30)<\/span><\/b><\/p>\n<p>Z\u00e9nith Paris La Villette<\/p>\n<p>En 2026 petits et grands sont invit\u00e9s \u00e0\u00a0<strong>plonger dans la magie des plus belles musiques de Disney<\/strong>. Port\u00e9 par les images et les m\u00e9lodies embl\u00e9matiques des grands classiques, ce spectacle propose une exp\u00e9rience musicale et visuelle unique, entre \u00e9motion et \u00e9merveillement.<\/p>\n<p>De la lumi\u00e8re dor\u00e9e du royaume de Simba aux flocons \u00e9tincelants du monde d\u2019Elsa, des oc\u00e9ans infinis de Vaiana aux horizons lointains de Pocahontas , chaque tableau est une escale au c\u0153ur de l\u2019imaginaire Disney.<\/p>\n<p>Sur sc\u00e8ne,\u00a0<strong>un orchestre symphonique, accompagn\u00e9 de chanteurs et de danseurs,<\/strong>\u00a0<strong>fait r\u00e9sonner la magie des r\u00eaves<\/strong>. Les partitions intemporelles des chefs-d\u2019\u0153uvre Disney prennent vie devant un \u00e9cran g\u00e9ant o\u00f9 d\u00e9filent les extraits des films les plus iconiques, le tout sublim\u00e9 par un show lumi\u00e8re pour une immersion totale dans la musique et l\u2019image.<\/p>\n<p>Au fil du spectacle, le public est transport\u00e9 d\u2019un r\u00eave \u00e0 l\u2019autre : il s\u2019envole avec Peter Pan vers le Pays Imaginaire, d\u00e9couvre la magie d\u2019Agrabah avec Aladdin ou se laisse guider par la lumi\u00e8re de Cendrillon et de son r\u00eave devenu r\u00e9alit\u00e9.<\/p>\n<p><em>\u00ab Disney en Concert \u2013 Suivez vos r\u00eaves \u00bb<\/em>\u00a0c\u00e9l\u00e8bre les grandes \u00e9motions qui traversent l\u2019univers Disney.<strong>\u00a0Un spectacle pour toute la famille, mais aussi pour tous ceux qui ont grandi avec ces films et qui, le temps d\u2019une soir\u00e9e, renouent avec leurs souvenirs d\u2019enfance \u00e0 travers la puissance de la musique symphonique.<\/strong><\/p>\n<p>interpr\u00e9tation Sinfonia Pop Orchestra<\/p>\n<p>dur\u00e9e 2h15 entracte comprise<\/p>\n","protected":false},"author":4259,"featured_media":147392,"template":"","meta":{"_acf_changed":false},"product_brand":[],"product_cat":[815,817,55,1314,818,160,1316,161,1132,2311,2312],"product_tag":[2962,2313],"class_list":{"0":"post-142408","1":"product","2":"type-product","3":"status-publish","4":"has-post-thumbnail","6":"product_cat-handicap","7":"product_cat-boucle-magnetique","8":"product_cat-concert","9":"product_cat-emplacement-adapte","10":"product_cat-fauteuil-roulant","11":"product_cat-ile-de-france","12":"product_cat-accessible-naturellement-malvoyant","13":"product_cat-region","14":"product_cat-salles","15":"product_cat-zenith-paris","16":"product_cat-zenith-paris-salles","17":"product_tag-disney-en-concert","18":"product_tag-zenith-paris","19":"pa_categorie-accompagnateur-fauteuil-roulant-parterre-i","20":"pa_categorie-accompagnateur-fauteuil-roulant-parterre-k","21":"pa_categorie-accompagnateur-fauteuil-roulant-parterre-t","22":"pa_categorie-accompagnateur-fauteuil-roulant-parterre-v","23":"pa_categorie-accompagnateur-spectateur-handicape-marchant-parterre-a","24":"pa_categorie-fauteuil-roulant-parterre-i","25":"pa_categorie-fauteuil-roulant-parterre-k","26":"pa_categorie-fauteuil-roulant-parterre-t","27":"pa_categorie-fauteuil-roulant-parterre-v","28":"pa_categorie-spectateur-handicape-marchant-parterre-a","29":"badges-style-3","31":"first","32":"instock","33":"shipping-taxable","34":"purchasable","35":"product-type-variable"},"acf":[],"yoast_head":"<!-- This site is optimized with the Yoast SEO plugin v27.2 - https:\/\/yoast.com\/product\/yoast-seo-wordpress\/ -->\n<title>DISNEY EN CONCERT \u2013 SUIVEZ VOS REVES - 12 &amp; 13 DECEMBRE 2026 - Z\u00e9nith Paris La Villette - Yoolabox.com<\/title>\n<meta name=\"robots\" content=\"index, follow, max-snippet:-1, max-image-preview:large, max-video-preview:-1\" \/>\n<link rel=\"canonical\" href=\"https:\/\/www.yoolabox.com\/index.php\/produit\/disney-en-concert-suivez-vos-reves-12-13-decembre-2026-zenith-paris-la-villette\/\" \/>\n<meta name=\"twitter:card\" content=\"summary_large_image\" \/>\n<meta name=\"twitter:title\" content=\"DISNEY EN CONCERT \u2013 SUIVEZ VOS REVES - 12 &amp; 13 DECEMBRE 2026 - Z\u00e9nith Paris La Villette - Yoolabox.com\" \/>\n<meta name=\"twitter:description\" content=\"DISNEY EN CONCERT \u2013 SUIVEZ VOS REVES Samedi 12 d\u00e9cembre : 20:00 \u00a0(ouverture des portes 18H30) Dimanche 13 d\u00e9cembre : 15:00 (ouverture des portes 13H30) Z\u00e9nith Paris La Villette  En 2026 petits et grands sont invit\u00e9s \u00e0\u00a0plonger dans la magie des plus belles musiques de Disney. Port\u00e9 par les images et les m\u00e9lodies embl\u00e9matiques des grands classiques, ce spectacle propose une exp\u00e9rience musicale et visuelle unique, entre \u00e9motion et \u00e9merveillement.  De la lumi\u00e8re dor\u00e9e du royaume de Simba aux flocons \u00e9tincelants du monde d\u2019Elsa, des oc\u00e9ans infinis de Vaiana aux horizons lointains de Pocahontas , chaque tableau est une escale au c\u0153ur de l\u2019imaginaire Disney.  Sur sc\u00e8ne,\u00a0un orchestre symphonique, accompagn\u00e9 de chanteurs et de danseurs,\u00a0fait r\u00e9sonner la magie des r\u00eaves. Les partitions intemporelles des chefs-d\u2019\u0153uvre Disney prennent vie devant un \u00e9cran g\u00e9ant o\u00f9 d\u00e9filent les extraits des films les plus iconiques, le tout sublim\u00e9 par un show lumi\u00e8re pour une immersion totale dans la musique et l\u2019image.  Au fil du spectacle, le public est transport\u00e9 d\u2019un r\u00eave \u00e0 l\u2019autre : il s\u2019envole avec Peter Pan vers le Pays Imaginaire, d\u00e9couvre la magie d\u2019Agrabah avec Aladdin ou se laisse guider par la lumi\u00e8re de Cendrillon et de son r\u00eave devenu r\u00e9alit\u00e9.  \u00ab Disney en Concert \u2013 Suivez vos r\u00eaves \u00bb\u00a0c\u00e9l\u00e8bre les grandes \u00e9motions qui traversent l\u2019univers Disney.\u00a0Un spectacle pour toute la famille, mais aussi pour tous ceux qui ont grandi avec ces films et qui, le temps d\u2019une soir\u00e9e, renouent avec leurs souvenirs d\u2019enfance \u00e0 travers la puissance de la musique symphonique.  interpr\u00e9tation Sinfonia Pop Orchestra  dur\u00e9e 2h15 entracte comprise\" \/>\n<meta name=\"twitter:image\" content=\"https:\/\/www.yoolabox.com\/wp-content\/uploads\/2026\/03\/DISNEY-EN-CONCERT-\u2013-SUIVEZ-VOS-REVES-\u2013-12-13-DECEMBRE-2026-\u2013-Zenith-Paris-La-Villette.png\" \/>\n<meta name=\"twitter:label1\" content=\"Dur\u00e9e de lecture estim\u00e9e\" \/>\n\t<meta name=\"twitter:data1\" content=\"2 minutes\" \/>\n<script type=\"application\/ld+json\" class=\"yoast-schema-graph\">{\"@context\":\"https:\/\/schema.org\",\"@graph\":[{\"@type\":\"WebPage\",\"@id\":\"https:\/\/www.yoolabox.com\/index.php\/produit\/disney-en-concert-suivez-vos-reves-12-13-decembre-2026-zenith-paris-la-villette\/\",\"url\":\"https:\/\/www.yoolabox.com\/index.php\/produit\/disney-en-concert-suivez-vos-reves-12-13-decembre-2026-zenith-paris-la-villette\/\",\"name\":\"DISNEY EN CONCERT \u2013 SUIVEZ VOS REVES - 12 & 13 DECEMBRE 2026 - Z\u00e9nith Paris La Villette - Yoolabox.com\",\"isPartOf\":{\"@id\":\"https:\/\/www.yoolabox.com\/#website\"},\"primaryImageOfPage\":{\"@id\":\"https:\/\/www.yoolabox.com\/index.php\/produit\/disney-en-concert-suivez-vos-reves-12-13-decembre-2026-zenith-paris-la-villette\/#primaryimage\"},\"image\":{\"@id\":\"https:\/\/www.yoolabox.com\/index.php\/produit\/disney-en-concert-suivez-vos-reves-12-13-decembre-2026-zenith-paris-la-villette\/#primaryimage\"},\"thumbnailUrl\":\"https:\/\/www.yoolabox.com\/wp-content\/uploads\/2026\/03\/DISNEY-EN-CONCERT-\u2013-SUIVEZ-VOS-REVES-\u2013-12-13-DECEMBRE-2026-\u2013-Zenith-Paris-La-Villette.png\",\"datePublished\":\"2025-11-13T08:26:28+00:00\",\"dateModified\":\"2026-04-07T07:41:32+00:00\",\"breadcrumb\":{\"@id\":\"https:\/\/www.yoolabox.com\/index.php\/produit\/disney-en-concert-suivez-vos-reves-12-13-decembre-2026-zenith-paris-la-villette\/#breadcrumb\"},\"inLanguage\":\"fr-FR\",\"potentialAction\":[{\"@type\":\"ReadAction\",\"target\":[\"https:\/\/www.yoolabox.com\/index.php\/produit\/disney-en-concert-suivez-vos-reves-12-13-decembre-2026-zenith-paris-la-villette\/\"]}]},{\"@type\":\"ImageObject\",\"inLanguage\":\"fr-FR\",\"@id\":\"https:\/\/www.yoolabox.com\/index.php\/produit\/disney-en-concert-suivez-vos-reves-12-13-decembre-2026-zenith-paris-la-villette\/#primaryimage\",\"url\":\"https:\/\/www.yoolabox.com\/wp-content\/uploads\/2026\/03\/DISNEY-EN-CONCERT-\u2013-SUIVEZ-VOS-REVES-\u2013-12-13-DECEMBRE-2026-\u2013-Zenith-Paris-La-Villette.png\",\"contentUrl\":\"https:\/\/www.yoolabox.com\/wp-content\/uploads\/2026\/03\/DISNEY-EN-CONCERT-\u2013-SUIVEZ-VOS-REVES-\u2013-12-13-DECEMBRE-2026-\u2013-Zenith-Paris-La-Villette.png\",\"width\":600,\"height\":738},{\"@type\":\"BreadcrumbList\",\"@id\":\"https:\/\/www.yoolabox.com\/index.php\/produit\/disney-en-concert-suivez-vos-reves-12-13-decembre-2026-zenith-paris-la-villette\/#breadcrumb\",\"itemListElement\":[{\"@type\":\"ListItem\",\"position\":1,\"name\":\"Home\",\"item\":\"https:\/\/www.yoolabox.com\/\"},{\"@type\":\"ListItem\",\"position\":2,\"name\":\"Shop\",\"item\":\"https:\/\/www.yoolabox.com\/index.php\/shop\/\"},{\"@type\":\"ListItem\",\"position\":3,\"name\":\"DISNEY EN CONCERT \u2013 SUIVEZ VOS REVES &#8211; 12 &#038; 13 DECEMBRE 2026 &#8211; Z\u00e9nith Paris La Villette\"}]},{\"@type\":\"WebSite\",\"@id\":\"https:\/\/www.yoolabox.com\/#website\",\"url\":\"https:\/\/www.yoolabox.com\/\",\"name\":\"Yoolabox.com\",\"description\":\"La billetterie accessible \u00e0 tous\",\"publisher\":{\"@id\":\"https:\/\/www.yoolabox.com\/#organization\"},\"potentialAction\":[{\"@type\":\"SearchAction\",\"target\":{\"@type\":\"EntryPoint\",\"urlTemplate\":\"https:\/\/www.yoolabox.com\/?s={search_term_string}\"},\"query-input\":{\"@type\":\"PropertyValueSpecification\",\"valueRequired\":true,\"valueName\":\"search_term_string\"}}],\"inLanguage\":\"fr-FR\"},{\"@type\":\"Organization\",\"@id\":\"https:\/\/www.yoolabox.com\/#organization\",\"name\":\"Yoolabox.com\",\"url\":\"https:\/\/www.yoolabox.com\/\",\"logo\":{\"@type\":\"ImageObject\",\"inLanguage\":\"fr-FR\",\"@id\":\"https:\/\/www.yoolabox.com\/#\/schema\/logo\/image\/\",\"url\":\"https:\/\/www.yoolabox.com\/wp-content\/uploads\/2019\/11\/cropped-Logo_web.jpg\",\"contentUrl\":\"https:\/\/www.yoolabox.com\/wp-content\/uploads\/2019\/11\/cropped-Logo_web.jpg\",\"width\":300,\"height\":100,\"caption\":\"Yoolabox.com\"},\"image\":{\"@id\":\"https:\/\/www.yoolabox.com\/#\/schema\/logo\/image\/\"}}]}<\/script>\n<!-- \/ Yoast SEO plugin. -->","yoast_head_json":{"title":"DISNEY EN CONCERT \u2013 SUIVEZ VOS REVES - 12 & 13 DECEMBRE 2026 - Z\u00e9nith Paris La Villette - Yoolabox.com","robots":{"index":"index","follow":"follow","max-snippet":"max-snippet:-1","max-image-preview":"max-image-preview:large","max-video-preview":"max-video-preview:-1"},"canonical":"https:\/\/www.yoolabox.com\/index.php\/produit\/disney-en-concert-suivez-vos-reves-12-13-decembre-2026-zenith-paris-la-villette\/","twitter_card":"summary_large_image","twitter_title":"DISNEY EN CONCERT \u2013 SUIVEZ VOS REVES - 12 & 13 DECEMBRE 2026 - Z\u00e9nith Paris La Villette - Yoolabox.com","twitter_description":"DISNEY EN CONCERT \u2013 SUIVEZ VOS REVES Samedi 12 d\u00e9cembre : 20:00 \u00a0(ouverture des portes 18H30) Dimanche 13 d\u00e9cembre : 15:00 (ouverture des portes 13H30) Z\u00e9nith Paris La Villette  En 2026 petits et grands sont invit\u00e9s \u00e0\u00a0plonger dans la magie des plus belles musiques de Disney. Port\u00e9 par les images et les m\u00e9lodies embl\u00e9matiques des grands classiques, ce spectacle propose une exp\u00e9rience musicale et visuelle unique, entre \u00e9motion et \u00e9merveillement.  De la lumi\u00e8re dor\u00e9e du royaume de Simba aux flocons \u00e9tincelants du monde d\u2019Elsa, des oc\u00e9ans infinis de Vaiana aux horizons lointains de Pocahontas , chaque tableau est une escale au c\u0153ur de l\u2019imaginaire Disney.  Sur sc\u00e8ne,\u00a0un orchestre symphonique, accompagn\u00e9 de chanteurs et de danseurs,\u00a0fait r\u00e9sonner la magie des r\u00eaves. Les partitions intemporelles des chefs-d\u2019\u0153uvre Disney prennent vie devant un \u00e9cran g\u00e9ant o\u00f9 d\u00e9filent les extraits des films les plus iconiques, le tout sublim\u00e9 par un show lumi\u00e8re pour une immersion totale dans la musique et l\u2019image.  Au fil du spectacle, le public est transport\u00e9 d\u2019un r\u00eave \u00e0 l\u2019autre : il s\u2019envole avec Peter Pan vers le Pays Imaginaire, d\u00e9couvre la magie d\u2019Agrabah avec Aladdin ou se laisse guider par la lumi\u00e8re de Cendrillon et de son r\u00eave devenu r\u00e9alit\u00e9.  \u00ab Disney en Concert \u2013 Suivez vos r\u00eaves \u00bb\u00a0c\u00e9l\u00e8bre les grandes \u00e9motions qui traversent l\u2019univers Disney.\u00a0Un spectacle pour toute la famille, mais aussi pour tous ceux qui ont grandi avec ces films et qui, le temps d\u2019une soir\u00e9e, renouent avec leurs souvenirs d\u2019enfance \u00e0 travers la puissance de la musique symphonique.  interpr\u00e9tation Sinfonia Pop Orchestra  dur\u00e9e 2h15 entracte comprise","twitter_image":"https:\/\/www.yoolabox.com\/wp-content\/uploads\/2026\/03\/DISNEY-EN-CONCERT-\u2013-SUIVEZ-VOS-REVES-\u2013-12-13-DECEMBRE-2026-\u2013-Zenith-Paris-La-Villette.png","twitter_misc":{"Dur\u00e9e de lecture estim\u00e9e":"2 minutes"},"schema":{"@context":"https:\/\/schema.org","@graph":[{"@type":"WebPage","@id":"https:\/\/www.yoolabox.com\/index.php\/produit\/disney-en-concert-suivez-vos-reves-12-13-decembre-2026-zenith-paris-la-villette\/","url":"https:\/\/www.yoolabox.com\/index.php\/produit\/disney-en-concert-suivez-vos-reves-12-13-decembre-2026-zenith-paris-la-villette\/","name":"DISNEY EN CONCERT \u2013 SUIVEZ VOS REVES - 12 & 13 DECEMBRE 2026 - Z\u00e9nith Paris La Villette - Yoolabox.com","isPartOf":{"@id":"https:\/\/www.yoolabox.com\/#website"},"primaryImageOfPage":{"@id":"https:\/\/www.yoolabox.com\/index.php\/produit\/disney-en-concert-suivez-vos-reves-12-13-decembre-2026-zenith-paris-la-villette\/#primaryimage"},"image":{"@id":"https:\/\/www.yoolabox.com\/index.php\/produit\/disney-en-concert-suivez-vos-reves-12-13-decembre-2026-zenith-paris-la-villette\/#primaryimage"},"thumbnailUrl":"https:\/\/www.yoolabox.com\/wp-content\/uploads\/2026\/03\/DISNEY-EN-CONCERT-\u2013-SUIVEZ-VOS-REVES-\u2013-12-13-DECEMBRE-2026-\u2013-Zenith-Paris-La-Villette.png","datePublished":"2025-11-13T08:26:28+00:00","dateModified":"2026-04-07T07:41:32+00:00","breadcrumb":{"@id":"https:\/\/www.yoolabox.com\/index.php\/produit\/disney-en-concert-suivez-vos-reves-12-13-decembre-2026-zenith-paris-la-villette\/#breadcrumb"},"inLanguage":"fr-FR","potentialAction":[{"@type":"ReadAction","target":["https:\/\/www.yoolabox.com\/index.php\/produit\/disney-en-concert-suivez-vos-reves-12-13-decembre-2026-zenith-paris-la-villette\/"]}]},{"@type":"ImageObject","inLanguage":"fr-FR","@id":"https:\/\/www.yoolabox.com\/index.php\/produit\/disney-en-concert-suivez-vos-reves-12-13-decembre-2026-zenith-paris-la-villette\/#primaryimage","url":"https:\/\/www.yoolabox.com\/wp-content\/uploads\/2026\/03\/DISNEY-EN-CONCERT-\u2013-SUIVEZ-VOS-REVES-\u2013-12-13-DECEMBRE-2026-\u2013-Zenith-Paris-La-Villette.png","contentUrl":"https:\/\/www.yoolabox.com\/wp-content\/uploads\/2026\/03\/DISNEY-EN-CONCERT-\u2013-SUIVEZ-VOS-REVES-\u2013-12-13-DECEMBRE-2026-\u2013-Zenith-Paris-La-Villette.png","width":600,"height":738},{"@type":"BreadcrumbList","@id":"https:\/\/www.yoolabox.com\/index.php\/produit\/disney-en-concert-suivez-vos-reves-12-13-decembre-2026-zenith-paris-la-villette\/#breadcrumb","itemListElement":[{"@type":"ListItem","position":1,"name":"Home","item":"https:\/\/www.yoolabox.com\/"},{"@type":"ListItem","position":2,"name":"Shop","item":"https:\/\/www.yoolabox.com\/index.php\/shop\/"},{"@type":"ListItem","position":3,"name":"DISNEY EN CONCERT \u2013 SUIVEZ VOS REVES &#8211; 12 &#038; 13 DECEMBRE 2026 &#8211; Z\u00e9nith Paris La Villette"}]},{"@type":"WebSite","@id":"https:\/\/www.yoolabox.com\/#website","url":"https:\/\/www.yoolabox.com\/","name":"Yoolabox.com","description":"La billetterie accessible \u00e0 tous","publisher":{"@id":"https:\/\/www.yoolabox.com\/#organization"},"potentialAction":[{"@type":"SearchAction","target":{"@type":"EntryPoint","urlTemplate":"https:\/\/www.yoolabox.com\/?s={search_term_string}"},"query-input":{"@type":"PropertyValueSpecification","valueRequired":true,"valueName":"search_term_string"}}],"inLanguage":"fr-FR"},{"@type":"Organization","@id":"https:\/\/www.yoolabox.com\/#organization","name":"Yoolabox.com","url":"https:\/\/www.yoolabox.com\/","logo":{"@type":"ImageObject","inLanguage":"fr-FR","@id":"https:\/\/www.yoolabox.com\/#\/schema\/logo\/image\/","url":"https:\/\/www.yoolabox.com\/wp-content\/uploads\/2019\/11\/cropped-Logo_web.jpg","contentUrl":"https:\/\/www.yoolabox.com\/wp-content\/uploads\/2019\/11\/cropped-Logo_web.jpg","width":300,"height":100,"caption":"Yoolabox.com"},"image":{"@id":"https:\/\/www.yoolabox.com\/#\/schema\/logo\/image\/"}}]}},"publishpress_future_action":{"enabled":false,"date":"2026-04-23 07:35:48","action":"change-status","newStatus":"draft","terms":[],"taxonomy":"product_cat","extraData":[]},"publishpress_future_workflow_manual_trigger":{"enabledWorkflows":[]},"_links":{"self":[{"href":"https:\/\/www.yoolabox.com\/index.php\/wp-json\/wp\/v2\/product\/142408","targetHints":{"allow":["GET"]}}],"collection":[{"href":"https:\/\/www.yoolabox.com\/index.php\/wp-json\/wp\/v2\/product"}],"about":[{"href":"https:\/\/www.yoolabox.com\/index.php\/wp-json\/wp\/v2\/types\/product"}],"author":[{"embeddable":true,"href":"https:\/\/www.yoolabox.com\/index.php\/wp-json\/wp\/v2\/users\/4259"}],"version-history":[{"count":0,"href":"https:\/\/www.yoolabox.com\/index.php\/wp-json\/wp\/v2\/product\/142408\/revisions"}],"wp:featuredmedia":[{"embeddable":true,"href":"https:\/\/www.yoolabox.com\/index.php\/wp-json\/wp\/v2\/media\/147392"}],"wp:attachment":[{"href":"https:\/\/www.yoolabox.com\/index.php\/wp-json\/wp\/v2\/media?parent=142408"}],"wp:term":[{"taxonomy":"product_brand","embeddable":true,"href":"https:\/\/www.yoolabox.com\/index.php\/wp-json\/wp\/v2\/product_brand?post=142408"},{"taxonomy":"product_cat","embeddable":true,"href":"https:\/\/www.yoolabox.com\/index.php\/wp-json\/wp\/v2\/product_cat?post=142408"},{"taxonomy":"product_tag","embeddable":true,"href":"https:\/\/www.yoolabox.com\/index.php\/wp-json\/wp\/v2\/product_tag?post=142408"}],"curies":[{"name":"wp","href":"https:\/\/api.w.org\/{rel}","templated":true}]}}