{"id":138233,"date":"2025-10-01T12:17:54","date_gmt":"2025-10-01T10:17:54","guid":{"rendered":"https:\/\/www.yoolabox.com\/?post_type=product&#038;p=138233"},"modified":"2026-04-16T06:48:08","modified_gmt":"2026-04-16T04:48:08","slug":"orelsan-24-et-25-mars-2026-le-dome-de-marseille","status":"publish","type":"product","link":"https:\/\/www.yoolabox.com\/index.php\/produit\/orelsan-24-et-25-mars-2026-le-dome-de-marseille\/","title":{"rendered":"ORELSAN &#8211; 02 ET 03 DECEMBRE 2026 &#8211; Le D\u00f4me de Marseille"},"content":{"rendered":"<h1>ORELSAN<\/h1>\n<p><del><strong>Mardi 24\/03\/2026 et Mercredi 25\/03\/2026 &#8211; 20h00<br \/>\n<\/strong><\/del><strong>Mercredi 02\/12\/2026 et Jeudi 03\/12\/2026<\/strong><\/p>\n<p>Le D\u00f4me de Marseille<\/p>\n<p>&nbsp;<\/p>\n<p><em>\u00ab On vous a pr\u00e9par\u00e9 une toute nouvelle tourn\u00e9e, pleine de surprises \u00bb.<\/em><\/p>\n<p>OrelSan revient sur sc\u00e8ne avec un spectacle in\u00e9dit, encore plus fort et inattendu.<\/p>\n<p>La tourn\u00e9e 2026 s\u2019annonce d\u00e9j\u00e0 comme le rendez-vous immanquable.<\/p>\n<p>R\u00e9servez d\u00e8s maintenant vos places pour vivre l\u2019\u00e9v\u00e9nement incontournable de l\u2019ann\u00e9e !<\/p>\n","protected":false},"excerpt":{"rendered":"<h1>ORELSAN<\/h1>\n<p><del><strong>Mardi 24\/03\/2026 et Mercredi 25\/03\/2026 &#8211; 20h00<br \/>\n<\/strong><\/del><strong>Mercredi 02\/12\/2026 et Jeudi 03\/12\/2026<\/strong><\/p>\n<p>Le D\u00f4me de Marseille<\/p>\n<p>&nbsp;<\/p>\n<p><em>\u00ab On vous a pr\u00e9par\u00e9 une toute nouvelle tourn\u00e9e, pleine de surprises \u00bb.<\/em><\/p>\n<p>OrelSan revient sur sc\u00e8ne avec un spectacle in\u00e9dit, encore plus fort et inattendu.<\/p>\n<p>La tourn\u00e9e 2026 s\u2019annonce d\u00e9j\u00e0 comme le rendez-vous immanquable.<\/p>\n<p>R\u00e9servez d\u00e8s maintenant vos places pour vivre l\u2019\u00e9v\u00e9nement incontournable de l\u2019ann\u00e9e !<\/p>\n","protected":false},"author":4259,"featured_media":148130,"template":"","meta":{"_acf_changed":false},"product_brand":[],"product_cat":[815,55,1314,818,2938,1316,162,161,1132],"product_tag":[2937,2539],"class_list":{"0":"post-138233","1":"product","2":"type-product","3":"status-publish","4":"has-post-thumbnail","6":"product_cat-handicap","7":"product_cat-concert","8":"product_cat-emplacement-adapte","9":"product_cat-fauteuil-roulant","10":"product_cat-le-dome-de-marseille","11":"product_cat-accessible-naturellement-malvoyant","12":"product_cat-paca","13":"product_cat-region","14":"product_cat-salles","15":"product_tag-le-dome-de-marseille","16":"product_tag-orelsan","17":"product-custom-label-billetterie-officielle","18":"product-custom-label-ebillet","19":"product-custom-label-emplacement-fauteuil","20":"product-custom-label-handicap-mental","21":"product-custom-label-mal-voyant","22":"product-custom-label-surdite","23":"badges-style-3","25":"first","26":"instock","27":"shipping-taxable","28":"purchasable","29":"product-type-variable"},"acf":[],"yoast_head":"<!-- This site is optimized with the Yoast SEO plugin v27.2 - https:\/\/yoast.com\/product\/yoast-seo-wordpress\/ -->\n<title>ORELSAN - 02 ET 03 DECEMBRE 2026 - Le D\u00f4me de Marseille - Yoolabox.com<\/title>\n<meta name=\"robots\" content=\"index, follow, max-snippet:-1, max-image-preview:large, max-video-preview:-1\" \/>\n<link rel=\"canonical\" href=\"https:\/\/www.yoolabox.com\/index.php\/produit\/orelsan-24-et-25-mars-2026-le-dome-de-marseille\/\" \/>\n<meta name=\"twitter:card\" content=\"summary_large_image\" \/>\n<meta name=\"twitter:title\" content=\"ORELSAN - 02 ET 03 DECEMBRE 2026 - Le D\u00f4me de Marseille - Yoolabox.com\" \/>\n<meta name=\"twitter:description\" content=\"ORELSAN Mardi 24\/03\/2026 et Mercredi 25\/03\/2026 - 20h00 Mercredi 02\/12\/2026 et Jeudi 03\/12\/2026  Le D\u00f4me de Marseille  &nbsp;  \u00ab On vous a pr\u00e9par\u00e9 une toute nouvelle tourn\u00e9e, pleine de surprises \u00bb.  OrelSan revient sur sc\u00e8ne avec un spectacle in\u00e9dit, encore plus fort et inattendu.  La tourn\u00e9e 2026 s\u2019annonce d\u00e9j\u00e0 comme le rendez-vous immanquable.  R\u00e9servez d\u00e8s maintenant vos places pour vivre l\u2019\u00e9v\u00e9nement incontournable de l\u2019ann\u00e9e !\" \/>\n<meta name=\"twitter:image\" content=\"https:\/\/www.yoolabox.com\/wp-content\/uploads\/2025\/10\/ORELSAN-02-ET-03-DECEMBRE-2026-Le-Dome-de-Marseille.png\" \/>\n<meta name=\"twitter:label1\" content=\"Dur\u00e9e de lecture estim\u00e9e\" \/>\n\t<meta name=\"twitter:data1\" content=\"1 minute\" \/>\n<script type=\"application\/ld+json\" class=\"yoast-schema-graph\">{\"@context\":\"https:\/\/schema.org\",\"@graph\":[{\"@type\":\"WebPage\",\"@id\":\"https:\/\/www.yoolabox.com\/index.php\/produit\/orelsan-24-et-25-mars-2026-le-dome-de-marseille\/\",\"url\":\"https:\/\/www.yoolabox.com\/index.php\/produit\/orelsan-24-et-25-mars-2026-le-dome-de-marseille\/\",\"name\":\"ORELSAN - 02 ET 03 DECEMBRE 2026 - Le D\u00f4me de Marseille - Yoolabox.com\",\"isPartOf\":{\"@id\":\"https:\/\/www.yoolabox.com\/#website\"},\"primaryImageOfPage\":{\"@id\":\"https:\/\/www.yoolabox.com\/index.php\/produit\/orelsan-24-et-25-mars-2026-le-dome-de-marseille\/#primaryimage\"},\"image\":{\"@id\":\"https:\/\/www.yoolabox.com\/index.php\/produit\/orelsan-24-et-25-mars-2026-le-dome-de-marseille\/#primaryimage\"},\"thumbnailUrl\":\"https:\/\/www.yoolabox.com\/wp-content\/uploads\/2025\/10\/ORELSAN-02-ET-03-DECEMBRE-2026-Le-Dome-de-Marseille.png\",\"datePublished\":\"2025-10-01T10:17:54+00:00\",\"dateModified\":\"2026-04-16T04:48:08+00:00\",\"breadcrumb\":{\"@id\":\"https:\/\/www.yoolabox.com\/index.php\/produit\/orelsan-24-et-25-mars-2026-le-dome-de-marseille\/#breadcrumb\"},\"inLanguage\":\"fr-FR\",\"potentialAction\":[{\"@type\":\"ReadAction\",\"target\":[\"https:\/\/www.yoolabox.com\/index.php\/produit\/orelsan-24-et-25-mars-2026-le-dome-de-marseille\/\"]}]},{\"@type\":\"ImageObject\",\"inLanguage\":\"fr-FR\",\"@id\":\"https:\/\/www.yoolabox.com\/index.php\/produit\/orelsan-24-et-25-mars-2026-le-dome-de-marseille\/#primaryimage\",\"url\":\"https:\/\/www.yoolabox.com\/wp-content\/uploads\/2025\/10\/ORELSAN-02-ET-03-DECEMBRE-2026-Le-Dome-de-Marseille.png\",\"contentUrl\":\"https:\/\/www.yoolabox.com\/wp-content\/uploads\/2025\/10\/ORELSAN-02-ET-03-DECEMBRE-2026-Le-Dome-de-Marseille.png\",\"width\":600,\"height\":738},{\"@type\":\"BreadcrumbList\",\"@id\":\"https:\/\/www.yoolabox.com\/index.php\/produit\/orelsan-24-et-25-mars-2026-le-dome-de-marseille\/#breadcrumb\",\"itemListElement\":[{\"@type\":\"ListItem\",\"position\":1,\"name\":\"Home\",\"item\":\"https:\/\/www.yoolabox.com\/\"},{\"@type\":\"ListItem\",\"position\":2,\"name\":\"Shop\",\"item\":\"https:\/\/www.yoolabox.com\/index.php\/shop\/\"},{\"@type\":\"ListItem\",\"position\":3,\"name\":\"ORELSAN &#8211; 02 ET 03 DECEMBRE 2026 &#8211; Le D\u00f4me de Marseille\"}]},{\"@type\":\"WebSite\",\"@id\":\"https:\/\/www.yoolabox.com\/#website\",\"url\":\"https:\/\/www.yoolabox.com\/\",\"name\":\"Yoolabox.com\",\"description\":\"La billetterie accessible \u00e0 tous\",\"publisher\":{\"@id\":\"https:\/\/www.yoolabox.com\/#organization\"},\"potentialAction\":[{\"@type\":\"SearchAction\",\"target\":{\"@type\":\"EntryPoint\",\"urlTemplate\":\"https:\/\/www.yoolabox.com\/?s={search_term_string}\"},\"query-input\":{\"@type\":\"PropertyValueSpecification\",\"valueRequired\":true,\"valueName\":\"search_term_string\"}}],\"inLanguage\":\"fr-FR\"},{\"@type\":\"Organization\",\"@id\":\"https:\/\/www.yoolabox.com\/#organization\",\"name\":\"Yoolabox.com\",\"url\":\"https:\/\/www.yoolabox.com\/\",\"logo\":{\"@type\":\"ImageObject\",\"inLanguage\":\"fr-FR\",\"@id\":\"https:\/\/www.yoolabox.com\/#\/schema\/logo\/image\/\",\"url\":\"https:\/\/www.yoolabox.com\/wp-content\/uploads\/2019\/11\/cropped-Logo_web.jpg\",\"contentUrl\":\"https:\/\/www.yoolabox.com\/wp-content\/uploads\/2019\/11\/cropped-Logo_web.jpg\",\"width\":300,\"height\":100,\"caption\":\"Yoolabox.com\"},\"image\":{\"@id\":\"https:\/\/www.yoolabox.com\/#\/schema\/logo\/image\/\"}}]}<\/script>\n<!-- \/ Yoast SEO plugin. -->","yoast_head_json":{"title":"ORELSAN - 02 ET 03 DECEMBRE 2026 - Le D\u00f4me de Marseille - Yoolabox.com","robots":{"index":"index","follow":"follow","max-snippet":"max-snippet:-1","max-image-preview":"max-image-preview:large","max-video-preview":"max-video-preview:-1"},"canonical":"https:\/\/www.yoolabox.com\/index.php\/produit\/orelsan-24-et-25-mars-2026-le-dome-de-marseille\/","twitter_card":"summary_large_image","twitter_title":"ORELSAN - 02 ET 03 DECEMBRE 2026 - Le D\u00f4me de Marseille - Yoolabox.com","twitter_description":"ORELSAN Mardi 24\/03\/2026 et Mercredi 25\/03\/2026 - 20h00 Mercredi 02\/12\/2026 et Jeudi 03\/12\/2026  Le D\u00f4me de Marseille  &nbsp;  \u00ab On vous a pr\u00e9par\u00e9 une toute nouvelle tourn\u00e9e, pleine de surprises \u00bb.  OrelSan revient sur sc\u00e8ne avec un spectacle in\u00e9dit, encore plus fort et inattendu.  La tourn\u00e9e 2026 s\u2019annonce d\u00e9j\u00e0 comme le rendez-vous immanquable.  R\u00e9servez d\u00e8s maintenant vos places pour vivre l\u2019\u00e9v\u00e9nement incontournable de l\u2019ann\u00e9e !","twitter_image":"https:\/\/www.yoolabox.com\/wp-content\/uploads\/2025\/10\/ORELSAN-02-ET-03-DECEMBRE-2026-Le-Dome-de-Marseille.png","twitter_misc":{"Dur\u00e9e de lecture estim\u00e9e":"1 minute"},"schema":{"@context":"https:\/\/schema.org","@graph":[{"@type":"WebPage","@id":"https:\/\/www.yoolabox.com\/index.php\/produit\/orelsan-24-et-25-mars-2026-le-dome-de-marseille\/","url":"https:\/\/www.yoolabox.com\/index.php\/produit\/orelsan-24-et-25-mars-2026-le-dome-de-marseille\/","name":"ORELSAN - 02 ET 03 DECEMBRE 2026 - Le D\u00f4me de Marseille - Yoolabox.com","isPartOf":{"@id":"https:\/\/www.yoolabox.com\/#website"},"primaryImageOfPage":{"@id":"https:\/\/www.yoolabox.com\/index.php\/produit\/orelsan-24-et-25-mars-2026-le-dome-de-marseille\/#primaryimage"},"image":{"@id":"https:\/\/www.yoolabox.com\/index.php\/produit\/orelsan-24-et-25-mars-2026-le-dome-de-marseille\/#primaryimage"},"thumbnailUrl":"https:\/\/www.yoolabox.com\/wp-content\/uploads\/2025\/10\/ORELSAN-02-ET-03-DECEMBRE-2026-Le-Dome-de-Marseille.png","datePublished":"2025-10-01T10:17:54+00:00","dateModified":"2026-04-16T04:48:08+00:00","breadcrumb":{"@id":"https:\/\/www.yoolabox.com\/index.php\/produit\/orelsan-24-et-25-mars-2026-le-dome-de-marseille\/#breadcrumb"},"inLanguage":"fr-FR","potentialAction":[{"@type":"ReadAction","target":["https:\/\/www.yoolabox.com\/index.php\/produit\/orelsan-24-et-25-mars-2026-le-dome-de-marseille\/"]}]},{"@type":"ImageObject","inLanguage":"fr-FR","@id":"https:\/\/www.yoolabox.com\/index.php\/produit\/orelsan-24-et-25-mars-2026-le-dome-de-marseille\/#primaryimage","url":"https:\/\/www.yoolabox.com\/wp-content\/uploads\/2025\/10\/ORELSAN-02-ET-03-DECEMBRE-2026-Le-Dome-de-Marseille.png","contentUrl":"https:\/\/www.yoolabox.com\/wp-content\/uploads\/2025\/10\/ORELSAN-02-ET-03-DECEMBRE-2026-Le-Dome-de-Marseille.png","width":600,"height":738},{"@type":"BreadcrumbList","@id":"https:\/\/www.yoolabox.com\/index.php\/produit\/orelsan-24-et-25-mars-2026-le-dome-de-marseille\/#breadcrumb","itemListElement":[{"@type":"ListItem","position":1,"name":"Home","item":"https:\/\/www.yoolabox.com\/"},{"@type":"ListItem","position":2,"name":"Shop","item":"https:\/\/www.yoolabox.com\/index.php\/shop\/"},{"@type":"ListItem","position":3,"name":"ORELSAN &#8211; 02 ET 03 DECEMBRE 2026 &#8211; Le D\u00f4me de Marseille"}]},{"@type":"WebSite","@id":"https:\/\/www.yoolabox.com\/#website","url":"https:\/\/www.yoolabox.com\/","name":"Yoolabox.com","description":"La billetterie accessible \u00e0 tous","publisher":{"@id":"https:\/\/www.yoolabox.com\/#organization"},"potentialAction":[{"@type":"SearchAction","target":{"@type":"EntryPoint","urlTemplate":"https:\/\/www.yoolabox.com\/?s={search_term_string}"},"query-input":{"@type":"PropertyValueSpecification","valueRequired":true,"valueName":"search_term_string"}}],"inLanguage":"fr-FR"},{"@type":"Organization","@id":"https:\/\/www.yoolabox.com\/#organization","name":"Yoolabox.com","url":"https:\/\/www.yoolabox.com\/","logo":{"@type":"ImageObject","inLanguage":"fr-FR","@id":"https:\/\/www.yoolabox.com\/#\/schema\/logo\/image\/","url":"https:\/\/www.yoolabox.com\/wp-content\/uploads\/2019\/11\/cropped-Logo_web.jpg","contentUrl":"https:\/\/www.yoolabox.com\/wp-content\/uploads\/2019\/11\/cropped-Logo_web.jpg","width":300,"height":100,"caption":"Yoolabox.com"},"image":{"@id":"https:\/\/www.yoolabox.com\/#\/schema\/logo\/image\/"}}]}},"publishpress_future_action":{"enabled":false,"date":"2026-05-07 01:26:00","action":"change-status","newStatus":"draft","terms":[],"taxonomy":"product_cat","extraData":[]},"publishpress_future_workflow_manual_trigger":{"enabledWorkflows":[]},"_links":{"self":[{"href":"https:\/\/www.yoolabox.com\/index.php\/wp-json\/wp\/v2\/product\/138233","targetHints":{"allow":["GET"]}}],"collection":[{"href":"https:\/\/www.yoolabox.com\/index.php\/wp-json\/wp\/v2\/product"}],"about":[{"href":"https:\/\/www.yoolabox.com\/index.php\/wp-json\/wp\/v2\/types\/product"}],"author":[{"embeddable":true,"href":"https:\/\/www.yoolabox.com\/index.php\/wp-json\/wp\/v2\/users\/4259"}],"version-history":[{"count":2,"href":"https:\/\/www.yoolabox.com\/index.php\/wp-json\/wp\/v2\/product\/138233\/revisions"}],"predecessor-version":[{"id":148058,"href":"https:\/\/www.yoolabox.com\/index.php\/wp-json\/wp\/v2\/product\/138233\/revisions\/148058"}],"wp:featuredmedia":[{"embeddable":true,"href":"https:\/\/www.yoolabox.com\/index.php\/wp-json\/wp\/v2\/media\/148130"}],"wp:attachment":[{"href":"https:\/\/www.yoolabox.com\/index.php\/wp-json\/wp\/v2\/media?parent=138233"}],"wp:term":[{"taxonomy":"product_brand","embeddable":true,"href":"https:\/\/www.yoolabox.com\/index.php\/wp-json\/wp\/v2\/product_brand?post=138233"},{"taxonomy":"product_cat","embeddable":true,"href":"https:\/\/www.yoolabox.com\/index.php\/wp-json\/wp\/v2\/product_cat?post=138233"},{"taxonomy":"product_tag","embeddable":true,"href":"https:\/\/www.yoolabox.com\/index.php\/wp-json\/wp\/v2\/product_tag?post=138233"}],"curies":[{"name":"wp","href":"https:\/\/api.w.org\/{rel}","templated":true}]}}