{"id":135917,"date":"2025-09-01T10:00:58","date_gmt":"2025-09-01T08:00:58","guid":{"rendered":"https:\/\/www.yoolabox.com\/?post_type=product&#038;p=135917"},"modified":"2026-03-21T06:36:09","modified_gmt":"2026-03-21T05:36:09","slug":"last-train-samedi-03-octobre-2026-zenith-paris-la-villette","status":"publish","type":"product","link":"https:\/\/www.yoolabox.com\/index.php\/produit\/last-train-samedi-03-octobre-2026-zenith-paris-la-villette\/","title":{"rendered":"LAST TRAIN &#8211; SAMEDI 03 OCTOBRE 2026 &#8211; Z\u00e9nith Paris &#8211; La Villette"},"content":{"rendered":"<h1><b>LAST TRAIN<\/b><\/h1>\n<h3><strong>Samedi 3 octobre 2026 \u2013 20h00<\/strong><\/h3>\n<p><em><strong>Zenith Paris &#8211; La Villette<\/strong><\/em><\/p>\n<p>Apr\u00e8s deux concerts au Trianon, complets 10 mois \u00e0 l&#8217;avance, retrouvez Last Train au Z\u00e9nith Paris &#8211; La Villette, le samedi 03 octobre 2026 !<br \/>\nLibres. D\u00e9termin\u00e9s. Infatigables. En pr\u00e8s de 15 ann\u00e9es d\u2019une carri\u00e8re dense et ascendante, les quatre gar\u00e7ons de Last Train n\u2019ont jamais rien l\u00e2ch\u00e9 de la ferveur tenace qui cr\u00e9pite en eux. Un rapide regard dans le r\u00e9troviseur suffit \u00e0 le comprendre : deux albums, un projet orchestral, un court-m\u00e9trage, un documentaire, une mini-s\u00e9rie, et au coeur de tout\u2026 la sc\u00e8ne. Pr\u00e8s de 600 concerts, des plus grands festivals d\u2019Europe jusqu\u2019au mythique Olympia de Paris en mars 2022. Et si l\u2019\u00e9num\u00e9ration donne le vertige, c\u2019est peut-\u00eatre parce que Last Train n\u2019a jamais trembl\u00e9 \u00e0 prendre de la hauteur. Viser haut, viser loin, et toujours viser juste, avec comme moteur cette inflexible ligne de conduite : l\u2019ind\u00e9pendance cr\u00e9ative et strat\u00e9gique envers et contre tout.<br \/>\nCharg\u00e9 de cette intensit\u00e9 primitive, leur nouvel album III vient apposer la signature v\u00e9ritable et d\u00e9finitive de ce qu\u2019est Last Train : un groupe comme on n\u2019en avait peut-\u00eatre jamais connu, volontairement affranchi de toute comparaison possible. Et c\u2019est arme\u0301 de cet album sculpte\u0301 pour le live, son terrain de jeu originel, que les quatre alsaciens sont de retour sur les routes de France et d&#8217;Europe. Apr\u00e8s une tourn\u00e9e de salles int\u00e9gralement compl\u00e8te, la vague Last Train d\u00e9ferle sur les plus grands festivals d&#8217;\u00e9t\u00e9 europ\u00e9ens : Hellfest, Mad Cool, Graspop, Sziget, Pal\u00e9o, Rock En Seine&#8230; jusqu&#8217;au Z\u00e9nith Paris &#8211; La Villette, le samedi 03 octobre 2026 ! Un nouveau rendez-vous entre un public bouillonnant d\u2019impatience et ceux qui semblent e\u0302tre, plus que jamais, de\u0301cide\u0301 s a\u0300 faire rugir leur singularite\u0301 .<\/p>\n<p>&nbsp;<\/p>\n","protected":false},"excerpt":{"rendered":"<h1><b>LAST TRAIN<\/b><\/h1>\n<h3><strong>Samedi 3 octobre 2026 \u2013 20h00<\/strong><\/h3>\n<p><em><strong>Zenith Paris &#8211; La Villette<\/strong><\/em><\/p>\n<p>Apr\u00e8s deux concerts au Trianon, complets 10 mois \u00e0 l&#8217;avance, retrouvez Last Train au Z\u00e9nith Paris &#8211; La Villette, le samedi 03 octobre 2026 !<br \/>\nLibres. D\u00e9termin\u00e9s. Infatigables. En pr\u00e8s de 15 ann\u00e9es d\u2019une carri\u00e8re dense et ascendante, les quatre gar\u00e7ons de Last Train n\u2019ont jamais rien l\u00e2ch\u00e9 de la ferveur tenace qui cr\u00e9pite en eux. Un rapide regard dans le r\u00e9troviseur suffit \u00e0 le comprendre : deux albums, un projet orchestral, un court-m\u00e9trage, un documentaire, une mini-s\u00e9rie, et au coeur de tout\u2026 la sc\u00e8ne. Pr\u00e8s de 600 concerts, des plus grands festivals d\u2019Europe jusqu\u2019au mythique Olympia de Paris en mars 2022. Et si l\u2019\u00e9num\u00e9ration donne le vertige, c\u2019est peut-\u00eatre parce que Last Train n\u2019a jamais trembl\u00e9 \u00e0 prendre de la hauteur. Viser haut, viser loin, et toujours viser juste, avec comme moteur cette inflexible ligne de conduite : l\u2019ind\u00e9pendance cr\u00e9ative et strat\u00e9gique envers et contre tout.<br \/>\nCharg\u00e9 de cette intensit\u00e9 primitive, leur nouvel album III vient apposer la signature v\u00e9ritable et d\u00e9finitive de ce qu\u2019est Last Train : un groupe comme on n\u2019en avait peut-\u00eatre jamais connu, volontairement affranchi de toute comparaison possible. Et c\u2019est arme\u0301 de cet album sculpte\u0301 pour le live, son terrain de jeu originel, que les quatre alsaciens sont de retour sur les routes de France et d&#8217;Europe. Apr\u00e8s une tourn\u00e9e de salles int\u00e9gralement compl\u00e8te, la vague Last Train d\u00e9ferle sur les plus grands festivals d&#8217;\u00e9t\u00e9 europ\u00e9ens : Hellfest, Mad Cool, Graspop, Sziget, Pal\u00e9o, Rock En Seine&#8230; jusqu&#8217;au Z\u00e9nith Paris &#8211; La Villette, le samedi 03 octobre 2026 ! Un nouveau rendez-vous entre un public bouillonnant d\u2019impatience et ceux qui semblent e\u0302tre, plus que jamais, de\u0301cide\u0301 s a\u0300 faire rugir leur singularite\u0301 .<\/p>\n<p>&nbsp;<\/p>\n","protected":false},"author":4259,"featured_media":135928,"template":"","meta":{"_acf_changed":false},"product_brand":[],"product_cat":[815,817,55,1314,818,160,1316,161,1132,2311,2312],"product_tag":[3478,2313],"class_list":{"0":"post-135917","1":"product","2":"type-product","3":"status-publish","4":"has-post-thumbnail","6":"product_cat-handicap","7":"product_cat-boucle-magnetique","8":"product_cat-concert","9":"product_cat-emplacement-adapte","10":"product_cat-fauteuil-roulant","11":"product_cat-ile-de-france","12":"product_cat-accessible-naturellement-malvoyant","13":"product_cat-region","14":"product_cat-salles","15":"product_cat-zenith-paris","16":"product_cat-zenith-paris-salles","17":"product_tag-last-train","18":"product_tag-zenith-paris","19":"pa_categorie-accompagnateur-pmr-fauteuil-gradin-porte-c","20":"pa_categorie-accompagnateur-pmr-fauteuil-gradin-porte-d","21":"pa_categorie-accompagnateur-pmr-fauteuil-gradin-porte-e","22":"pa_categorie-accompagnateur-pmr-fauteuil-gradin-porte-f","23":"pa_categorie-accompagnateur-psh-marchant-gradin-porte-g","24":"pa_categorie-pmr-fauteuil-gradin-porte-c","25":"pa_categorie-pmr-fauteuil-gradin-porte-d","26":"pa_categorie-pmr-fauteuil-gradin-porte-e","27":"pa_categorie-pmr-fauteuil-gradin-porte-f","28":"pa_categorie-psh-marchant-gradin-porte-g","29":"product-custom-label-billetterie-officielle","30":"product-custom-label-ebillet","31":"product-custom-label-emplacement-fauteuil","32":"product-custom-label-handicap-mental","33":"product-custom-label-mal-voyant","34":"product-custom-label-surdite","35":"badges-style-3","37":"first","38":"instock","39":"shipping-taxable","40":"purchasable","41":"product-type-variable"},"acf":[],"yoast_head":"<!-- This site is optimized with the Yoast SEO plugin v27.2 - https:\/\/yoast.com\/product\/yoast-seo-wordpress\/ -->\n<title>LAST TRAIN - SAMEDI 03 OCTOBRE 2026 - Z\u00e9nith Paris - La Villette - Yoolabox.com<\/title>\n<meta name=\"robots\" content=\"index, follow, max-snippet:-1, max-image-preview:large, max-video-preview:-1\" \/>\n<link rel=\"canonical\" href=\"https:\/\/www.yoolabox.com\/index.php\/produit\/last-train-samedi-03-octobre-2026-zenith-paris-la-villette\/\" \/>\n<meta name=\"twitter:card\" content=\"summary_large_image\" \/>\n<meta name=\"twitter:title\" content=\"LAST TRAIN - SAMEDI 03 OCTOBRE 2026 - Z\u00e9nith Paris - La Villette - Yoolabox.com\" \/>\n<meta name=\"twitter:description\" content=\"LAST TRAIN Samedi 3 octobre 2026 \u2013 20h00 Zenith Paris - La Villette  Apr\u00e8s deux concerts au Trianon, complets 10 mois \u00e0 l&#039;avance, retrouvez Last Train au Z\u00e9nith Paris - La Villette, le samedi 03 octobre 2026 ! Libres. D\u00e9termin\u00e9s. Infatigables. En pr\u00e8s de 15 ann\u00e9es d\u2019une carri\u00e8re dense et ascendante, les quatre gar\u00e7ons de Last Train n\u2019ont jamais rien l\u00e2ch\u00e9 de la ferveur tenace qui cr\u00e9pite en eux. Un rapide regard dans le r\u00e9troviseur suffit \u00e0 le comprendre : deux albums, un projet orchestral, un court-m\u00e9trage, un documentaire, une mini-s\u00e9rie, et au coeur de tout\u2026 la sc\u00e8ne. Pr\u00e8s de 600 concerts, des plus grands festivals d\u2019Europe jusqu\u2019au mythique Olympia de Paris en mars 2022. Et si l\u2019\u00e9num\u00e9ration donne le vertige, c\u2019est peut-\u00eatre parce que Last Train n\u2019a jamais trembl\u00e9 \u00e0 prendre de la hauteur. Viser haut, viser loin, et toujours viser juste, avec comme moteur cette inflexible ligne de conduite : l\u2019ind\u00e9pendance cr\u00e9ative et strat\u00e9gique envers et contre tout. Charg\u00e9 de cette intensit\u00e9 primitive, leur nouvel album III vient apposer la signature v\u00e9ritable et d\u00e9finitive de ce qu\u2019est Last Train : un groupe comme on n\u2019en avait peut-\u00eatre jamais connu, volontairement affranchi de toute comparaison possible. Et c\u2019est arme\u0301 de cet album sculpte\u0301 pour le live, son terrain de jeu originel, que les quatre alsaciens sont de retour sur les routes de France et d&#039;Europe. Apr\u00e8s une tourn\u00e9e de salles int\u00e9gralement compl\u00e8te, la vague Last Train d\u00e9ferle sur les plus grands festivals d&#039;\u00e9t\u00e9 europ\u00e9ens : Hellfest, Mad Cool, Graspop, Sziget, Pal\u00e9o, Rock En Seine... jusqu&#039;au Z\u00e9nith Paris - La Villette, le samedi 03 octobre 2026 ! Un nouveau rendez-vous entre un public bouillonnant d\u2019impatience et ceux qui semblent e\u0302tre, plus que jamais, de\u0301cide\u0301 s a\u0300 faire rugir leur singularite\u0301 .  &nbsp;\" \/>\n<meta name=\"twitter:image\" content=\"https:\/\/www.yoolabox.com\/wp-content\/uploads\/2025\/08\/LAST-TRAIN.png\" \/>\n<meta name=\"twitter:label1\" content=\"Dur\u00e9e de lecture estim\u00e9e\" \/>\n\t<meta name=\"twitter:data1\" content=\"2 minutes\" \/>\n<script type=\"application\/ld+json\" class=\"yoast-schema-graph\">{\"@context\":\"https:\/\/schema.org\",\"@graph\":[{\"@type\":\"WebPage\",\"@id\":\"https:\/\/www.yoolabox.com\/index.php\/produit\/last-train-samedi-03-octobre-2026-zenith-paris-la-villette\/\",\"url\":\"https:\/\/www.yoolabox.com\/index.php\/produit\/last-train-samedi-03-octobre-2026-zenith-paris-la-villette\/\",\"name\":\"LAST TRAIN - SAMEDI 03 OCTOBRE 2026 - Z\u00e9nith Paris - La Villette - Yoolabox.com\",\"isPartOf\":{\"@id\":\"https:\/\/www.yoolabox.com\/#website\"},\"primaryImageOfPage\":{\"@id\":\"https:\/\/www.yoolabox.com\/index.php\/produit\/last-train-samedi-03-octobre-2026-zenith-paris-la-villette\/#primaryimage\"},\"image\":{\"@id\":\"https:\/\/www.yoolabox.com\/index.php\/produit\/last-train-samedi-03-octobre-2026-zenith-paris-la-villette\/#primaryimage\"},\"thumbnailUrl\":\"https:\/\/www.yoolabox.com\/wp-content\/uploads\/2025\/08\/LAST-TRAIN.png\",\"datePublished\":\"2025-09-01T08:00:58+00:00\",\"dateModified\":\"2026-03-21T05:36:09+00:00\",\"breadcrumb\":{\"@id\":\"https:\/\/www.yoolabox.com\/index.php\/produit\/last-train-samedi-03-octobre-2026-zenith-paris-la-villette\/#breadcrumb\"},\"inLanguage\":\"fr-FR\",\"potentialAction\":[{\"@type\":\"ReadAction\",\"target\":[\"https:\/\/www.yoolabox.com\/index.php\/produit\/last-train-samedi-03-octobre-2026-zenith-paris-la-villette\/\"]}]},{\"@type\":\"ImageObject\",\"inLanguage\":\"fr-FR\",\"@id\":\"https:\/\/www.yoolabox.com\/index.php\/produit\/last-train-samedi-03-octobre-2026-zenith-paris-la-villette\/#primaryimage\",\"url\":\"https:\/\/www.yoolabox.com\/wp-content\/uploads\/2025\/08\/LAST-TRAIN.png\",\"contentUrl\":\"https:\/\/www.yoolabox.com\/wp-content\/uploads\/2025\/08\/LAST-TRAIN.png\",\"width\":600,\"height\":738},{\"@type\":\"BreadcrumbList\",\"@id\":\"https:\/\/www.yoolabox.com\/index.php\/produit\/last-train-samedi-03-octobre-2026-zenith-paris-la-villette\/#breadcrumb\",\"itemListElement\":[{\"@type\":\"ListItem\",\"position\":1,\"name\":\"Home\",\"item\":\"https:\/\/www.yoolabox.com\/\"},{\"@type\":\"ListItem\",\"position\":2,\"name\":\"Shop\",\"item\":\"https:\/\/www.yoolabox.com\/index.php\/shop\/\"},{\"@type\":\"ListItem\",\"position\":3,\"name\":\"LAST TRAIN &#8211; SAMEDI 03 OCTOBRE 2026 &#8211; Z\u00e9nith Paris &#8211; La Villette\"}]},{\"@type\":\"WebSite\",\"@id\":\"https:\/\/www.yoolabox.com\/#website\",\"url\":\"https:\/\/www.yoolabox.com\/\",\"name\":\"Yoolabox.com\",\"description\":\"La billetterie accessible \u00e0 tous\",\"publisher\":{\"@id\":\"https:\/\/www.yoolabox.com\/#organization\"},\"potentialAction\":[{\"@type\":\"SearchAction\",\"target\":{\"@type\":\"EntryPoint\",\"urlTemplate\":\"https:\/\/www.yoolabox.com\/?s={search_term_string}\"},\"query-input\":{\"@type\":\"PropertyValueSpecification\",\"valueRequired\":true,\"valueName\":\"search_term_string\"}}],\"inLanguage\":\"fr-FR\"},{\"@type\":\"Organization\",\"@id\":\"https:\/\/www.yoolabox.com\/#organization\",\"name\":\"Yoolabox.com\",\"url\":\"https:\/\/www.yoolabox.com\/\",\"logo\":{\"@type\":\"ImageObject\",\"inLanguage\":\"fr-FR\",\"@id\":\"https:\/\/www.yoolabox.com\/#\/schema\/logo\/image\/\",\"url\":\"https:\/\/www.yoolabox.com\/wp-content\/uploads\/2019\/11\/cropped-Logo_web.jpg\",\"contentUrl\":\"https:\/\/www.yoolabox.com\/wp-content\/uploads\/2019\/11\/cropped-Logo_web.jpg\",\"width\":300,\"height\":100,\"caption\":\"Yoolabox.com\"},\"image\":{\"@id\":\"https:\/\/www.yoolabox.com\/#\/schema\/logo\/image\/\"}}]}<\/script>\n<!-- \/ Yoast SEO plugin. -->","yoast_head_json":{"title":"LAST TRAIN - SAMEDI 03 OCTOBRE 2026 - Z\u00e9nith Paris - La Villette - Yoolabox.com","robots":{"index":"index","follow":"follow","max-snippet":"max-snippet:-1","max-image-preview":"max-image-preview:large","max-video-preview":"max-video-preview:-1"},"canonical":"https:\/\/www.yoolabox.com\/index.php\/produit\/last-train-samedi-03-octobre-2026-zenith-paris-la-villette\/","twitter_card":"summary_large_image","twitter_title":"LAST TRAIN - SAMEDI 03 OCTOBRE 2026 - Z\u00e9nith Paris - La Villette - Yoolabox.com","twitter_description":"LAST TRAIN Samedi 3 octobre 2026 \u2013 20h00 Zenith Paris - La Villette  Apr\u00e8s deux concerts au Trianon, complets 10 mois \u00e0 l'avance, retrouvez Last Train au Z\u00e9nith Paris - La Villette, le samedi 03 octobre 2026 ! Libres. D\u00e9termin\u00e9s. Infatigables. En pr\u00e8s de 15 ann\u00e9es d\u2019une carri\u00e8re dense et ascendante, les quatre gar\u00e7ons de Last Train n\u2019ont jamais rien l\u00e2ch\u00e9 de la ferveur tenace qui cr\u00e9pite en eux. Un rapide regard dans le r\u00e9troviseur suffit \u00e0 le comprendre : deux albums, un projet orchestral, un court-m\u00e9trage, un documentaire, une mini-s\u00e9rie, et au coeur de tout\u2026 la sc\u00e8ne. Pr\u00e8s de 600 concerts, des plus grands festivals d\u2019Europe jusqu\u2019au mythique Olympia de Paris en mars 2022. Et si l\u2019\u00e9num\u00e9ration donne le vertige, c\u2019est peut-\u00eatre parce que Last Train n\u2019a jamais trembl\u00e9 \u00e0 prendre de la hauteur. Viser haut, viser loin, et toujours viser juste, avec comme moteur cette inflexible ligne de conduite : l\u2019ind\u00e9pendance cr\u00e9ative et strat\u00e9gique envers et contre tout. Charg\u00e9 de cette intensit\u00e9 primitive, leur nouvel album III vient apposer la signature v\u00e9ritable et d\u00e9finitive de ce qu\u2019est Last Train : un groupe comme on n\u2019en avait peut-\u00eatre jamais connu, volontairement affranchi de toute comparaison possible. Et c\u2019est arme\u0301 de cet album sculpte\u0301 pour le live, son terrain de jeu originel, que les quatre alsaciens sont de retour sur les routes de France et d'Europe. Apr\u00e8s une tourn\u00e9e de salles int\u00e9gralement compl\u00e8te, la vague Last Train d\u00e9ferle sur les plus grands festivals d'\u00e9t\u00e9 europ\u00e9ens : Hellfest, Mad Cool, Graspop, Sziget, Pal\u00e9o, Rock En Seine... jusqu'au Z\u00e9nith Paris - La Villette, le samedi 03 octobre 2026 ! Un nouveau rendez-vous entre un public bouillonnant d\u2019impatience et ceux qui semblent e\u0302tre, plus que jamais, de\u0301cide\u0301 s a\u0300 faire rugir leur singularite\u0301 .  &nbsp;","twitter_image":"https:\/\/www.yoolabox.com\/wp-content\/uploads\/2025\/08\/LAST-TRAIN.png","twitter_misc":{"Dur\u00e9e de lecture estim\u00e9e":"2 minutes"},"schema":{"@context":"https:\/\/schema.org","@graph":[{"@type":"WebPage","@id":"https:\/\/www.yoolabox.com\/index.php\/produit\/last-train-samedi-03-octobre-2026-zenith-paris-la-villette\/","url":"https:\/\/www.yoolabox.com\/index.php\/produit\/last-train-samedi-03-octobre-2026-zenith-paris-la-villette\/","name":"LAST TRAIN - SAMEDI 03 OCTOBRE 2026 - Z\u00e9nith Paris - La Villette - Yoolabox.com","isPartOf":{"@id":"https:\/\/www.yoolabox.com\/#website"},"primaryImageOfPage":{"@id":"https:\/\/www.yoolabox.com\/index.php\/produit\/last-train-samedi-03-octobre-2026-zenith-paris-la-villette\/#primaryimage"},"image":{"@id":"https:\/\/www.yoolabox.com\/index.php\/produit\/last-train-samedi-03-octobre-2026-zenith-paris-la-villette\/#primaryimage"},"thumbnailUrl":"https:\/\/www.yoolabox.com\/wp-content\/uploads\/2025\/08\/LAST-TRAIN.png","datePublished":"2025-09-01T08:00:58+00:00","dateModified":"2026-03-21T05:36:09+00:00","breadcrumb":{"@id":"https:\/\/www.yoolabox.com\/index.php\/produit\/last-train-samedi-03-octobre-2026-zenith-paris-la-villette\/#breadcrumb"},"inLanguage":"fr-FR","potentialAction":[{"@type":"ReadAction","target":["https:\/\/www.yoolabox.com\/index.php\/produit\/last-train-samedi-03-octobre-2026-zenith-paris-la-villette\/"]}]},{"@type":"ImageObject","inLanguage":"fr-FR","@id":"https:\/\/www.yoolabox.com\/index.php\/produit\/last-train-samedi-03-octobre-2026-zenith-paris-la-villette\/#primaryimage","url":"https:\/\/www.yoolabox.com\/wp-content\/uploads\/2025\/08\/LAST-TRAIN.png","contentUrl":"https:\/\/www.yoolabox.com\/wp-content\/uploads\/2025\/08\/LAST-TRAIN.png","width":600,"height":738},{"@type":"BreadcrumbList","@id":"https:\/\/www.yoolabox.com\/index.php\/produit\/last-train-samedi-03-octobre-2026-zenith-paris-la-villette\/#breadcrumb","itemListElement":[{"@type":"ListItem","position":1,"name":"Home","item":"https:\/\/www.yoolabox.com\/"},{"@type":"ListItem","position":2,"name":"Shop","item":"https:\/\/www.yoolabox.com\/index.php\/shop\/"},{"@type":"ListItem","position":3,"name":"LAST TRAIN &#8211; SAMEDI 03 OCTOBRE 2026 &#8211; Z\u00e9nith Paris &#8211; La Villette"}]},{"@type":"WebSite","@id":"https:\/\/www.yoolabox.com\/#website","url":"https:\/\/www.yoolabox.com\/","name":"Yoolabox.com","description":"La billetterie accessible \u00e0 tous","publisher":{"@id":"https:\/\/www.yoolabox.com\/#organization"},"potentialAction":[{"@type":"SearchAction","target":{"@type":"EntryPoint","urlTemplate":"https:\/\/www.yoolabox.com\/?s={search_term_string}"},"query-input":{"@type":"PropertyValueSpecification","valueRequired":true,"valueName":"search_term_string"}}],"inLanguage":"fr-FR"},{"@type":"Organization","@id":"https:\/\/www.yoolabox.com\/#organization","name":"Yoolabox.com","url":"https:\/\/www.yoolabox.com\/","logo":{"@type":"ImageObject","inLanguage":"fr-FR","@id":"https:\/\/www.yoolabox.com\/#\/schema\/logo\/image\/","url":"https:\/\/www.yoolabox.com\/wp-content\/uploads\/2019\/11\/cropped-Logo_web.jpg","contentUrl":"https:\/\/www.yoolabox.com\/wp-content\/uploads\/2019\/11\/cropped-Logo_web.jpg","width":300,"height":100,"caption":"Yoolabox.com"},"image":{"@id":"https:\/\/www.yoolabox.com\/#\/schema\/logo\/image\/"}}]}},"publishpress_future_action":{"enabled":false,"date":"2026-04-11 10:54:40","action":"change-status","newStatus":"draft","terms":[],"taxonomy":"product_cat","extraData":[]},"publishpress_future_workflow_manual_trigger":{"enabledWorkflows":[]},"_links":{"self":[{"href":"https:\/\/www.yoolabox.com\/index.php\/wp-json\/wp\/v2\/product\/135917","targetHints":{"allow":["GET"]}}],"collection":[{"href":"https:\/\/www.yoolabox.com\/index.php\/wp-json\/wp\/v2\/product"}],"about":[{"href":"https:\/\/www.yoolabox.com\/index.php\/wp-json\/wp\/v2\/types\/product"}],"author":[{"embeddable":true,"href":"https:\/\/www.yoolabox.com\/index.php\/wp-json\/wp\/v2\/users\/4259"}],"version-history":[{"count":1,"href":"https:\/\/www.yoolabox.com\/index.php\/wp-json\/wp\/v2\/product\/135917\/revisions"}],"predecessor-version":[{"id":147440,"href":"https:\/\/www.yoolabox.com\/index.php\/wp-json\/wp\/v2\/product\/135917\/revisions\/147440"}],"wp:featuredmedia":[{"embeddable":true,"href":"https:\/\/www.yoolabox.com\/index.php\/wp-json\/wp\/v2\/media\/135928"}],"wp:attachment":[{"href":"https:\/\/www.yoolabox.com\/index.php\/wp-json\/wp\/v2\/media?parent=135917"}],"wp:term":[{"taxonomy":"product_brand","embeddable":true,"href":"https:\/\/www.yoolabox.com\/index.php\/wp-json\/wp\/v2\/product_brand?post=135917"},{"taxonomy":"product_cat","embeddable":true,"href":"https:\/\/www.yoolabox.com\/index.php\/wp-json\/wp\/v2\/product_cat?post=135917"},{"taxonomy":"product_tag","embeddable":true,"href":"https:\/\/www.yoolabox.com\/index.php\/wp-json\/wp\/v2\/product_tag?post=135917"}],"curies":[{"name":"wp","href":"https:\/\/api.w.org\/{rel}","templated":true}]}}