{"id":135323,"date":"2025-07-16T10:00:00","date_gmt":"2025-07-16T08:00:00","guid":{"rendered":"https:\/\/www.yoolabox.com\/?post_type=product&#038;p=135323"},"modified":"2026-03-21T06:36:52","modified_gmt":"2026-03-21T05:36:52","slug":"world-of-warcraft-20-years-of-music-vendredi-08-mai-2026-zenith-paris-la-villette","status":"publish","type":"product","link":"https:\/\/www.yoolabox.com\/index.php\/produit\/world-of-warcraft-20-years-of-music-vendredi-08-mai-2026-zenith-paris-la-villette\/","title":{"rendered":"WORLD OF WARCRAFT : 20 YEARS OF MUSIC &#8211; VENDREDI 08 MAI 2026 &#8211; Z\u00e9nith Paris La Villette"},"content":{"rendered":"<h3><b>WORLD OF WARCRAFT : 20 YEARS OF MUSIC<\/b><\/h3>\n<p><strong>Vendredi 08 mai 2025\u00a0 &#8211; 20:30<\/strong><\/p>\n<p>Le concert orchestral qui c\u00e9l\u00e8bre les 20 ans du jeu vid\u00e9o !<\/p>\n<p>En 2026, World of Warcraft c\u00e9l\u00e8bre vingt ans d&#8217;histoire et d\u2019aventure \u00e0 travers une exp\u00e9rience musicale exceptionnelle :\u00a0\u00ab\u00a0World of Warcraft: 20 Years of Music\u00a0\u00bb. Ce concert symphonique propose une plong\u00e9e immersive au c\u0153ur d\u2019Azeroth, faisant revivre les moments forts de ce jeu vid\u00e9o l\u00e9gendaire gr\u00e2ce \u00e0 ses compositions embl\u00e9matiques.<\/p>\n<p>\u00ab World of Warcraft: 20 Years of Music \u00bb sera pr\u00e9sent\u00e9 le 8 mai 2026 au Z\u00e9nith Paris ainsi que le 9 mai 2026 \u00e0 la Halle Tony Garnier de Lyon.<\/p>\n<p>Durant deux heures, un orchestre symphonique complet accompagn\u00e9 d&#8217;un ch\u0153ur interpr\u00e9tera en direct les musiques les plus iconiques du jeu, retra\u00e7ant l\u2019\u00e9volution sonore de World of Warcraft depuis son lancement en 2004 jusqu\u2019\u00e0 ses r\u00e9centes extensions. Chaque morceau replongera le public dans les souvenirs li\u00e9s aux r\u00e9gions mythiques, aux factions h\u00e9ro\u00efques, et\u00a0aux aventures marquantes du jeu, offrant une \u00e9motion intense et authentique.<\/p>\n<p>De l&#8217;ambiance apaisante des capitales aux hymnes guerriers les plus marquants, en passant par des th\u00e8mes lyriques et h\u00e9ro\u00efques,\u00a0\u00ab\u00a0World of Warcraft: 20 Years of Music\u00a0\u00bb\u00a0met \u00e0 l\u2019honneur\u00a0toute la richesse musicale de cet univers. Une exp\u00e9rience in\u00e9dite, permettant \u00e0 chacun de d\u00e9couvrir ou red\u00e9couvrir la grandeur d\u2019Azeroth sous une toute nouvelle dimension.<\/p>\n<p>D\u00e9velopp\u00e9 en partenariat officiel avec Blizzard Entertainment, ce concert s\u2019inscrit dans le cadre des c\u00e9l\u00e9brations du vingti\u00e8me anniversaire de World of Warcraft.<\/p>\n<p>\u00ab\u00a0World of Warcraft: 20 Years of Music\u00a0\u00bb\u00a0promet de s\u00e9duire un large public, allant des joueurs de longue\u00a0date aux amateurs de musiques \u00e9piques, en passant par les curieux d\u00e9sireux de d\u00e9couvrir un monde sonore fascinant. Sa sc\u00e9nographie immersive et la qualit\u00e9 de son interpr\u00e9tation offrent un moment d\u2019exception aussi bien pour les initi\u00e9s que pour les n\u00e9ophytes.<\/p>\n<p>Bien plus qu\u2019une simple r\u00e9trospective, ce spectacle constitue un vibrant hommage, une c\u00e9l\u00e9bration de l\u2019univers de Warcraft et de la force \u00e9vocatrice de ses musiques \u00e9piques !<\/p>\n<p>Merchandising collector exclusif officiel sur place.<\/p>\n<p>Interpr\u00e9tation\u00a0: Sinfonia Pop Orchestra<\/p>\n<p>Direction\u00a0: Jordan Gudefin<\/p>\n<p>Dur\u00e9e\u00a0: 2h30 avec entracte<\/p>\n","protected":false},"excerpt":{"rendered":"<h3><b>WORLD OF WARCRAFT : 20 YEARS OF MUSIC<\/b><\/h3>\n<p><strong>Vendredi 08 mai 2025\u00a0 &#8211; 20:30<\/strong><\/p>\n<p>Le concert orchestral qui c\u00e9l\u00e8bre les 20 ans du jeu vid\u00e9o !<\/p>\n<p>En 2026, World of Warcraft c\u00e9l\u00e8bre vingt ans d&#8217;histoire et d\u2019aventure \u00e0 travers une exp\u00e9rience musicale exceptionnelle :\u00a0\u00ab\u00a0World of Warcraft: 20 Years of Music\u00a0\u00bb. Ce concert symphonique propose une plong\u00e9e immersive au c\u0153ur d\u2019Azeroth, faisant revivre les moments forts de ce jeu vid\u00e9o l\u00e9gendaire gr\u00e2ce \u00e0 ses compositions embl\u00e9matiques.<\/p>\n<p>\u00ab World of Warcraft: 20 Years of Music \u00bb sera pr\u00e9sent\u00e9 le 8 mai 2026 au Z\u00e9nith Paris ainsi que le 9 mai 2026 \u00e0 la Halle Tony Garnier de Lyon.<\/p>\n<p>Durant deux heures, un orchestre symphonique complet accompagn\u00e9 d&#8217;un ch\u0153ur interpr\u00e9tera en direct les musiques les plus iconiques du jeu, retra\u00e7ant l\u2019\u00e9volution sonore de World of Warcraft depuis son lancement en 2004 jusqu\u2019\u00e0 ses r\u00e9centes extensions. Chaque morceau replongera le public dans les souvenirs li\u00e9s aux r\u00e9gions mythiques, aux factions h\u00e9ro\u00efques, et\u00a0aux aventures marquantes du jeu, offrant une \u00e9motion intense et authentique.<\/p>\n<p>De l&#8217;ambiance apaisante des capitales aux hymnes guerriers les plus marquants, en passant par des th\u00e8mes lyriques et h\u00e9ro\u00efques,\u00a0\u00ab\u00a0World of Warcraft: 20 Years of Music\u00a0\u00bb\u00a0met \u00e0 l\u2019honneur\u00a0toute la richesse musicale de cet univers. Une exp\u00e9rience in\u00e9dite, permettant \u00e0 chacun de d\u00e9couvrir ou red\u00e9couvrir la grandeur d\u2019Azeroth sous une toute nouvelle dimension.<\/p>\n<p>D\u00e9velopp\u00e9 en partenariat officiel avec Blizzard Entertainment, ce concert s\u2019inscrit dans le cadre des c\u00e9l\u00e9brations du vingti\u00e8me anniversaire de World of Warcraft.<\/p>\n<p>\u00ab\u00a0World of Warcraft: 20 Years of Music\u00a0\u00bb\u00a0promet de s\u00e9duire un large public, allant des joueurs de longue\u00a0date aux amateurs de musiques \u00e9piques, en passant par les curieux d\u00e9sireux de d\u00e9couvrir un monde sonore fascinant. Sa sc\u00e9nographie immersive et la qualit\u00e9 de son interpr\u00e9tation offrent un moment d\u2019exception aussi bien pour les initi\u00e9s que pour les n\u00e9ophytes.<\/p>\n<p>Bien plus qu\u2019une simple r\u00e9trospective, ce spectacle constitue un vibrant hommage, une c\u00e9l\u00e9bration de l\u2019univers de Warcraft et de la force \u00e9vocatrice de ses musiques \u00e9piques !<\/p>\n<p>Merchandising collector exclusif officiel sur place.<\/p>\n<p>Interpr\u00e9tation\u00a0: Sinfonia Pop Orchestra<\/p>\n<p>Direction\u00a0: Jordan Gudefin<\/p>\n<p>Dur\u00e9e\u00a0: 2h30 avec entracte<\/p>\n","protected":false},"author":4259,"featured_media":135334,"template":"","meta":{"_acf_changed":false},"product_brand":[],"product_cat":[815,817,55,1314,818,160,1316,161,1132,2312,2311],"product_tag":[3467,2313],"class_list":{"0":"post-135323","1":"product","2":"type-product","3":"status-publish","4":"has-post-thumbnail","6":"product_cat-handicap","7":"product_cat-boucle-magnetique","8":"product_cat-concert","9":"product_cat-emplacement-adapte","10":"product_cat-fauteuil-roulant","11":"product_cat-ile-de-france","12":"product_cat-accessible-naturellement-malvoyant","13":"product_cat-region","14":"product_cat-salles","15":"product_cat-zenith-paris-salles","16":"product_cat-zenith-paris","17":"product_tag-world-of-warcraft-20-years-of-music","18":"product_tag-zenith-paris","19":"pa_categorie-accompagnateur-pmr-fauteuil-parterre-porte-i","20":"pa_categorie-accompagnateur-pmr-fauteuil-parterre-porte-k","21":"pa_categorie-accompagnateur-pmr-fauteuil-parterre-porte-t","22":"pa_categorie-accompagnateur-pmr-fauteuil-parterre-porte-v","23":"pa_categorie-accompagnateur-psh-marchant-parterre-porte-a","24":"pa_categorie-pmr-fauteuil-parterre-porte-i","25":"pa_categorie-pmr-fauteuil-parterre-porte-k","26":"pa_categorie-pmr-fauteuil-parterre-porte-t","27":"pa_categorie-pmr-fauteuil-parterre-porte-v","28":"pa_categorie-psh-marchant-parterre-porte-a","29":"product-custom-label-billetterie-officielle","30":"product-custom-label-ebillet","31":"product-custom-label-emplacement-fauteuil","32":"product-custom-label-handicap-mental","33":"product-custom-label-mal-voyant","34":"product-custom-label-surdite","35":"badges-style-3","37":"first","38":"instock","39":"shipping-taxable","40":"purchasable","41":"product-type-variable"},"acf":[],"yoast_head":"<!-- This site is optimized with the Yoast SEO plugin v27.2 - https:\/\/yoast.com\/product\/yoast-seo-wordpress\/ -->\n<title>WORLD OF WARCRAFT : 20 YEARS OF MUSIC - VENDREDI 08 MAI 2026 - Z\u00e9nith Paris La Villette - Yoolabox.com<\/title>\n<meta name=\"robots\" content=\"index, follow, max-snippet:-1, max-image-preview:large, max-video-preview:-1\" \/>\n<link rel=\"canonical\" href=\"https:\/\/www.yoolabox.com\/index.php\/produit\/world-of-warcraft-20-years-of-music-vendredi-08-mai-2026-zenith-paris-la-villette\/\" \/>\n<meta name=\"twitter:card\" content=\"summary_large_image\" \/>\n<meta name=\"twitter:title\" content=\"WORLD OF WARCRAFT : 20 YEARS OF MUSIC - VENDREDI 08 MAI 2026 - Z\u00e9nith Paris La Villette - Yoolabox.com\" \/>\n<meta name=\"twitter:description\" content=\"WORLD OF WARCRAFT : 20 YEARS OF MUSIC Vendredi 08 mai 2025\u00a0 - 20:30  Le concert orchestral qui c\u00e9l\u00e8bre les 20 ans du jeu vid\u00e9o !  En 2026, World of Warcraft c\u00e9l\u00e8bre vingt ans d&#039;histoire et d\u2019aventure \u00e0 travers une exp\u00e9rience musicale exceptionnelle :\u00a0\u00ab\u00a0World of Warcraft: 20 Years of Music\u00a0\u00bb. Ce concert symphonique propose une plong\u00e9e immersive au c\u0153ur d\u2019Azeroth, faisant revivre les moments forts de ce jeu vid\u00e9o l\u00e9gendaire gr\u00e2ce \u00e0 ses compositions embl\u00e9matiques.  \u00ab World of Warcraft: 20 Years of Music \u00bb sera pr\u00e9sent\u00e9 le 8 mai 2026 au Z\u00e9nith Paris ainsi que le 9 mai 2026 \u00e0 la Halle Tony Garnier de Lyon.  Durant deux heures, un orchestre symphonique complet accompagn\u00e9 d&#039;un ch\u0153ur interpr\u00e9tera en direct les musiques les plus iconiques du jeu, retra\u00e7ant l\u2019\u00e9volution sonore de World of Warcraft depuis son lancement en 2004 jusqu\u2019\u00e0 ses r\u00e9centes extensions. Chaque morceau replongera le public dans les souvenirs li\u00e9s aux r\u00e9gions mythiques, aux factions h\u00e9ro\u00efques, et\u00a0aux aventures marquantes du jeu, offrant une \u00e9motion intense et authentique.  De l&#039;ambiance apaisante des capitales aux hymnes guerriers les plus marquants, en passant par des th\u00e8mes lyriques et h\u00e9ro\u00efques,\u00a0\u00ab\u00a0World of Warcraft: 20 Years of Music\u00a0\u00bb\u00a0met \u00e0 l\u2019honneur\u00a0toute la richesse musicale de cet univers. Une exp\u00e9rience in\u00e9dite, permettant \u00e0 chacun de d\u00e9couvrir ou red\u00e9couvrir la grandeur d\u2019Azeroth sous une toute nouvelle dimension.  D\u00e9velopp\u00e9 en partenariat officiel avec Blizzard Entertainment, ce concert s\u2019inscrit dans le cadre des c\u00e9l\u00e9brations du vingti\u00e8me anniversaire de World of Warcraft.  \u00ab\u00a0World of Warcraft: 20 Years of Music\u00a0\u00bb\u00a0promet de s\u00e9duire un large public, allant des joueurs de longue\u00a0date aux amateurs de musiques \u00e9piques, en passant par les curieux d\u00e9sireux de d\u00e9couvrir un monde sonore fascinant. Sa sc\u00e9nographie immersive et la qualit\u00e9 de son interpr\u00e9tation offrent un moment d\u2019exception aussi bien pour les initi\u00e9s que pour les n\u00e9ophytes.  Bien plus qu\u2019une simple r\u00e9trospective, ce spectacle constitue un vibrant hommage, une c\u00e9l\u00e9bration de l\u2019univers de Warcraft et de la force \u00e9vocatrice de ses musiques \u00e9piques !  Merchandising collector exclusif officiel sur place.  Interpr\u00e9tation\u00a0: Sinfonia Pop Orchestra  Direction\u00a0: Jordan Gudefin  Dur\u00e9e\u00a0: 2h30 avec entracte\" \/>\n<meta name=\"twitter:image\" content=\"https:\/\/www.yoolabox.com\/wp-content\/uploads\/2025\/07\/warcraft.png\" \/>\n<meta name=\"twitter:label1\" content=\"Dur\u00e9e de lecture estim\u00e9e\" \/>\n\t<meta name=\"twitter:data1\" content=\"2 minutes\" \/>\n<script type=\"application\/ld+json\" class=\"yoast-schema-graph\">{\"@context\":\"https:\/\/schema.org\",\"@graph\":[{\"@type\":\"WebPage\",\"@id\":\"https:\/\/www.yoolabox.com\/index.php\/produit\/world-of-warcraft-20-years-of-music-vendredi-08-mai-2026-zenith-paris-la-villette\/\",\"url\":\"https:\/\/www.yoolabox.com\/index.php\/produit\/world-of-warcraft-20-years-of-music-vendredi-08-mai-2026-zenith-paris-la-villette\/\",\"name\":\"WORLD OF WARCRAFT : 20 YEARS OF MUSIC - VENDREDI 08 MAI 2026 - Z\u00e9nith Paris La Villette - Yoolabox.com\",\"isPartOf\":{\"@id\":\"https:\/\/www.yoolabox.com\/#website\"},\"primaryImageOfPage\":{\"@id\":\"https:\/\/www.yoolabox.com\/index.php\/produit\/world-of-warcraft-20-years-of-music-vendredi-08-mai-2026-zenith-paris-la-villette\/#primaryimage\"},\"image\":{\"@id\":\"https:\/\/www.yoolabox.com\/index.php\/produit\/world-of-warcraft-20-years-of-music-vendredi-08-mai-2026-zenith-paris-la-villette\/#primaryimage\"},\"thumbnailUrl\":\"https:\/\/www.yoolabox.com\/wp-content\/uploads\/2025\/07\/warcraft.png\",\"datePublished\":\"2025-07-16T08:00:00+00:00\",\"dateModified\":\"2026-03-21T05:36:52+00:00\",\"breadcrumb\":{\"@id\":\"https:\/\/www.yoolabox.com\/index.php\/produit\/world-of-warcraft-20-years-of-music-vendredi-08-mai-2026-zenith-paris-la-villette\/#breadcrumb\"},\"inLanguage\":\"fr-FR\",\"potentialAction\":[{\"@type\":\"ReadAction\",\"target\":[\"https:\/\/www.yoolabox.com\/index.php\/produit\/world-of-warcraft-20-years-of-music-vendredi-08-mai-2026-zenith-paris-la-villette\/\"]}]},{\"@type\":\"ImageObject\",\"inLanguage\":\"fr-FR\",\"@id\":\"https:\/\/www.yoolabox.com\/index.php\/produit\/world-of-warcraft-20-years-of-music-vendredi-08-mai-2026-zenith-paris-la-villette\/#primaryimage\",\"url\":\"https:\/\/www.yoolabox.com\/wp-content\/uploads\/2025\/07\/warcraft.png\",\"contentUrl\":\"https:\/\/www.yoolabox.com\/wp-content\/uploads\/2025\/07\/warcraft.png\",\"width\":600,\"height\":738},{\"@type\":\"BreadcrumbList\",\"@id\":\"https:\/\/www.yoolabox.com\/index.php\/produit\/world-of-warcraft-20-years-of-music-vendredi-08-mai-2026-zenith-paris-la-villette\/#breadcrumb\",\"itemListElement\":[{\"@type\":\"ListItem\",\"position\":1,\"name\":\"Home\",\"item\":\"https:\/\/www.yoolabox.com\/\"},{\"@type\":\"ListItem\",\"position\":2,\"name\":\"Shop\",\"item\":\"https:\/\/www.yoolabox.com\/index.php\/shop\/\"},{\"@type\":\"ListItem\",\"position\":3,\"name\":\"WORLD OF WARCRAFT : 20 YEARS OF MUSIC &#8211; VENDREDI 08 MAI 2026 &#8211; Z\u00e9nith Paris La Villette\"}]},{\"@type\":\"WebSite\",\"@id\":\"https:\/\/www.yoolabox.com\/#website\",\"url\":\"https:\/\/www.yoolabox.com\/\",\"name\":\"Yoolabox.com\",\"description\":\"La billetterie accessible \u00e0 tous\",\"publisher\":{\"@id\":\"https:\/\/www.yoolabox.com\/#organization\"},\"potentialAction\":[{\"@type\":\"SearchAction\",\"target\":{\"@type\":\"EntryPoint\",\"urlTemplate\":\"https:\/\/www.yoolabox.com\/?s={search_term_string}\"},\"query-input\":{\"@type\":\"PropertyValueSpecification\",\"valueRequired\":true,\"valueName\":\"search_term_string\"}}],\"inLanguage\":\"fr-FR\"},{\"@type\":\"Organization\",\"@id\":\"https:\/\/www.yoolabox.com\/#organization\",\"name\":\"Yoolabox.com\",\"url\":\"https:\/\/www.yoolabox.com\/\",\"logo\":{\"@type\":\"ImageObject\",\"inLanguage\":\"fr-FR\",\"@id\":\"https:\/\/www.yoolabox.com\/#\/schema\/logo\/image\/\",\"url\":\"https:\/\/www.yoolabox.com\/wp-content\/uploads\/2019\/11\/cropped-Logo_web.jpg\",\"contentUrl\":\"https:\/\/www.yoolabox.com\/wp-content\/uploads\/2019\/11\/cropped-Logo_web.jpg\",\"width\":300,\"height\":100,\"caption\":\"Yoolabox.com\"},\"image\":{\"@id\":\"https:\/\/www.yoolabox.com\/#\/schema\/logo\/image\/\"}}]}<\/script>\n<!-- \/ Yoast SEO plugin. -->","yoast_head_json":{"title":"WORLD OF WARCRAFT : 20 YEARS OF MUSIC - VENDREDI 08 MAI 2026 - Z\u00e9nith Paris La Villette - Yoolabox.com","robots":{"index":"index","follow":"follow","max-snippet":"max-snippet:-1","max-image-preview":"max-image-preview:large","max-video-preview":"max-video-preview:-1"},"canonical":"https:\/\/www.yoolabox.com\/index.php\/produit\/world-of-warcraft-20-years-of-music-vendredi-08-mai-2026-zenith-paris-la-villette\/","twitter_card":"summary_large_image","twitter_title":"WORLD OF WARCRAFT : 20 YEARS OF MUSIC - VENDREDI 08 MAI 2026 - Z\u00e9nith Paris La Villette - Yoolabox.com","twitter_description":"WORLD OF WARCRAFT : 20 YEARS OF MUSIC Vendredi 08 mai 2025\u00a0 - 20:30  Le concert orchestral qui c\u00e9l\u00e8bre les 20 ans du jeu vid\u00e9o !  En 2026, World of Warcraft c\u00e9l\u00e8bre vingt ans d'histoire et d\u2019aventure \u00e0 travers une exp\u00e9rience musicale exceptionnelle :\u00a0\u00ab\u00a0World of Warcraft: 20 Years of Music\u00a0\u00bb. Ce concert symphonique propose une plong\u00e9e immersive au c\u0153ur d\u2019Azeroth, faisant revivre les moments forts de ce jeu vid\u00e9o l\u00e9gendaire gr\u00e2ce \u00e0 ses compositions embl\u00e9matiques.  \u00ab World of Warcraft: 20 Years of Music \u00bb sera pr\u00e9sent\u00e9 le 8 mai 2026 au Z\u00e9nith Paris ainsi que le 9 mai 2026 \u00e0 la Halle Tony Garnier de Lyon.  Durant deux heures, un orchestre symphonique complet accompagn\u00e9 d'un ch\u0153ur interpr\u00e9tera en direct les musiques les plus iconiques du jeu, retra\u00e7ant l\u2019\u00e9volution sonore de World of Warcraft depuis son lancement en 2004 jusqu\u2019\u00e0 ses r\u00e9centes extensions. Chaque morceau replongera le public dans les souvenirs li\u00e9s aux r\u00e9gions mythiques, aux factions h\u00e9ro\u00efques, et\u00a0aux aventures marquantes du jeu, offrant une \u00e9motion intense et authentique.  De l'ambiance apaisante des capitales aux hymnes guerriers les plus marquants, en passant par des th\u00e8mes lyriques et h\u00e9ro\u00efques,\u00a0\u00ab\u00a0World of Warcraft: 20 Years of Music\u00a0\u00bb\u00a0met \u00e0 l\u2019honneur\u00a0toute la richesse musicale de cet univers. Une exp\u00e9rience in\u00e9dite, permettant \u00e0 chacun de d\u00e9couvrir ou red\u00e9couvrir la grandeur d\u2019Azeroth sous une toute nouvelle dimension.  D\u00e9velopp\u00e9 en partenariat officiel avec Blizzard Entertainment, ce concert s\u2019inscrit dans le cadre des c\u00e9l\u00e9brations du vingti\u00e8me anniversaire de World of Warcraft.  \u00ab\u00a0World of Warcraft: 20 Years of Music\u00a0\u00bb\u00a0promet de s\u00e9duire un large public, allant des joueurs de longue\u00a0date aux amateurs de musiques \u00e9piques, en passant par les curieux d\u00e9sireux de d\u00e9couvrir un monde sonore fascinant. Sa sc\u00e9nographie immersive et la qualit\u00e9 de son interpr\u00e9tation offrent un moment d\u2019exception aussi bien pour les initi\u00e9s que pour les n\u00e9ophytes.  Bien plus qu\u2019une simple r\u00e9trospective, ce spectacle constitue un vibrant hommage, une c\u00e9l\u00e9bration de l\u2019univers de Warcraft et de la force \u00e9vocatrice de ses musiques \u00e9piques !  Merchandising collector exclusif officiel sur place.  Interpr\u00e9tation\u00a0: Sinfonia Pop Orchestra  Direction\u00a0: Jordan Gudefin  Dur\u00e9e\u00a0: 2h30 avec entracte","twitter_image":"https:\/\/www.yoolabox.com\/wp-content\/uploads\/2025\/07\/warcraft.png","twitter_misc":{"Dur\u00e9e de lecture estim\u00e9e":"2 minutes"},"schema":{"@context":"https:\/\/schema.org","@graph":[{"@type":"WebPage","@id":"https:\/\/www.yoolabox.com\/index.php\/produit\/world-of-warcraft-20-years-of-music-vendredi-08-mai-2026-zenith-paris-la-villette\/","url":"https:\/\/www.yoolabox.com\/index.php\/produit\/world-of-warcraft-20-years-of-music-vendredi-08-mai-2026-zenith-paris-la-villette\/","name":"WORLD OF WARCRAFT : 20 YEARS OF MUSIC - VENDREDI 08 MAI 2026 - Z\u00e9nith Paris La Villette - Yoolabox.com","isPartOf":{"@id":"https:\/\/www.yoolabox.com\/#website"},"primaryImageOfPage":{"@id":"https:\/\/www.yoolabox.com\/index.php\/produit\/world-of-warcraft-20-years-of-music-vendredi-08-mai-2026-zenith-paris-la-villette\/#primaryimage"},"image":{"@id":"https:\/\/www.yoolabox.com\/index.php\/produit\/world-of-warcraft-20-years-of-music-vendredi-08-mai-2026-zenith-paris-la-villette\/#primaryimage"},"thumbnailUrl":"https:\/\/www.yoolabox.com\/wp-content\/uploads\/2025\/07\/warcraft.png","datePublished":"2025-07-16T08:00:00+00:00","dateModified":"2026-03-21T05:36:52+00:00","breadcrumb":{"@id":"https:\/\/www.yoolabox.com\/index.php\/produit\/world-of-warcraft-20-years-of-music-vendredi-08-mai-2026-zenith-paris-la-villette\/#breadcrumb"},"inLanguage":"fr-FR","potentialAction":[{"@type":"ReadAction","target":["https:\/\/www.yoolabox.com\/index.php\/produit\/world-of-warcraft-20-years-of-music-vendredi-08-mai-2026-zenith-paris-la-villette\/"]}]},{"@type":"ImageObject","inLanguage":"fr-FR","@id":"https:\/\/www.yoolabox.com\/index.php\/produit\/world-of-warcraft-20-years-of-music-vendredi-08-mai-2026-zenith-paris-la-villette\/#primaryimage","url":"https:\/\/www.yoolabox.com\/wp-content\/uploads\/2025\/07\/warcraft.png","contentUrl":"https:\/\/www.yoolabox.com\/wp-content\/uploads\/2025\/07\/warcraft.png","width":600,"height":738},{"@type":"BreadcrumbList","@id":"https:\/\/www.yoolabox.com\/index.php\/produit\/world-of-warcraft-20-years-of-music-vendredi-08-mai-2026-zenith-paris-la-villette\/#breadcrumb","itemListElement":[{"@type":"ListItem","position":1,"name":"Home","item":"https:\/\/www.yoolabox.com\/"},{"@type":"ListItem","position":2,"name":"Shop","item":"https:\/\/www.yoolabox.com\/index.php\/shop\/"},{"@type":"ListItem","position":3,"name":"WORLD OF WARCRAFT : 20 YEARS OF MUSIC &#8211; VENDREDI 08 MAI 2026 &#8211; Z\u00e9nith Paris La Villette"}]},{"@type":"WebSite","@id":"https:\/\/www.yoolabox.com\/#website","url":"https:\/\/www.yoolabox.com\/","name":"Yoolabox.com","description":"La billetterie accessible \u00e0 tous","publisher":{"@id":"https:\/\/www.yoolabox.com\/#organization"},"potentialAction":[{"@type":"SearchAction","target":{"@type":"EntryPoint","urlTemplate":"https:\/\/www.yoolabox.com\/?s={search_term_string}"},"query-input":{"@type":"PropertyValueSpecification","valueRequired":true,"valueName":"search_term_string"}}],"inLanguage":"fr-FR"},{"@type":"Organization","@id":"https:\/\/www.yoolabox.com\/#organization","name":"Yoolabox.com","url":"https:\/\/www.yoolabox.com\/","logo":{"@type":"ImageObject","inLanguage":"fr-FR","@id":"https:\/\/www.yoolabox.com\/#\/schema\/logo\/image\/","url":"https:\/\/www.yoolabox.com\/wp-content\/uploads\/2019\/11\/cropped-Logo_web.jpg","contentUrl":"https:\/\/www.yoolabox.com\/wp-content\/uploads\/2019\/11\/cropped-Logo_web.jpg","width":300,"height":100,"caption":"Yoolabox.com"},"image":{"@id":"https:\/\/www.yoolabox.com\/#\/schema\/logo\/image\/"}}]}},"publishpress_future_action":{"enabled":true,"date":"2026-04-23 07:01:00","action":"change-status","newStatus":"draft","terms":[0],"taxonomy":"product_cat","extraData":[]},"publishpress_future_workflow_manual_trigger":{"enabledWorkflows":[]},"_links":{"self":[{"href":"https:\/\/www.yoolabox.com\/index.php\/wp-json\/wp\/v2\/product\/135323","targetHints":{"allow":["GET"]}}],"collection":[{"href":"https:\/\/www.yoolabox.com\/index.php\/wp-json\/wp\/v2\/product"}],"about":[{"href":"https:\/\/www.yoolabox.com\/index.php\/wp-json\/wp\/v2\/types\/product"}],"author":[{"embeddable":true,"href":"https:\/\/www.yoolabox.com\/index.php\/wp-json\/wp\/v2\/users\/4259"}],"version-history":[{"count":1,"href":"https:\/\/www.yoolabox.com\/index.php\/wp-json\/wp\/v2\/product\/135323\/revisions"}],"predecessor-version":[{"id":147442,"href":"https:\/\/www.yoolabox.com\/index.php\/wp-json\/wp\/v2\/product\/135323\/revisions\/147442"}],"wp:featuredmedia":[{"embeddable":true,"href":"https:\/\/www.yoolabox.com\/index.php\/wp-json\/wp\/v2\/media\/135334"}],"wp:attachment":[{"href":"https:\/\/www.yoolabox.com\/index.php\/wp-json\/wp\/v2\/media?parent=135323"}],"wp:term":[{"taxonomy":"product_brand","embeddable":true,"href":"https:\/\/www.yoolabox.com\/index.php\/wp-json\/wp\/v2\/product_brand?post=135323"},{"taxonomy":"product_cat","embeddable":true,"href":"https:\/\/www.yoolabox.com\/index.php\/wp-json\/wp\/v2\/product_cat?post=135323"},{"taxonomy":"product_tag","embeddable":true,"href":"https:\/\/www.yoolabox.com\/index.php\/wp-json\/wp\/v2\/product_tag?post=135323"}],"curies":[{"name":"wp","href":"https:\/\/api.w.org\/{rel}","templated":true}]}}