{"id":127664,"date":"2025-03-10T12:45:06","date_gmt":"2025-03-10T11:45:06","guid":{"rendered":"https:\/\/www.yoolabox.com\/?post_type=product&#038;p=127664"},"modified":"2026-03-21T06:45:19","modified_gmt":"2026-03-21T05:45:19","slug":"nej-dimanche-16-novembre-2025-le-dome-de-marseille","status":"publish","type":"product","link":"https:\/\/www.yoolabox.com\/index.php\/produit\/nej-dimanche-16-novembre-2025-le-dome-de-marseille\/","title":{"rendered":"NEJ &#8211; Mercredi 04 Novembre 2026 &#8211; Le D\u00f4me de Marseille"},"content":{"rendered":"<h1>NEJ<\/h1>\n<div class=\"page\" title=\"Page 1\">\n<div class=\"layoutArea\">\n<div class=\"column\">\n<p><em><strong>IRREEL TOUR<\/strong><\/em><\/p>\n<\/div>\n<\/div>\n<\/div>\n<p><strong>Mercredi 04 Novembre 2026 &#8211; 20H00<\/strong><\/p>\n<p>Le D\u00f4me de Marseille<\/p>\n<p><strong>NEJ\u2019<\/strong> d\u00e9voile son IRREEL TOUR et promet un show \u00e0 son image : intense, envo\u00fbtant et inoubliable. Apr\u00e8s la sortie de son dernier album SOS IV, ne manquez pas l\u2019occasion de la voir en live partout en France et le Mercredi 04 Novembre 2026 <strong>au D\u00f4me de Marseille.\u00a0<\/strong><\/p>\n<p>&nbsp;<\/p>\n<p>&nbsp;<\/p>\n","protected":false},"excerpt":{"rendered":"<h1>NEJ<\/h1>\n<div class=\"page\" title=\"Page 1\">\n<div class=\"layoutArea\">\n<div class=\"column\">\n<p><em><strong>IRREEL TOUR<\/strong><\/em><\/p>\n<\/div>\n<\/div>\n<\/div>\n<p><strong>Mercredi 04 Novembre 2026 &#8211; 20H00<\/strong><\/p>\n<p>Le D\u00f4me de Marseille<\/p>\n<p><strong>NEJ\u2019<\/strong> d\u00e9voile son IRREEL TOUR et promet un show \u00e0 son image : intense, envo\u00fbtant et inoubliable. Apr\u00e8s la sortie de son dernier album SOS IV, ne manquez pas l\u2019occasion de la voir en live partout en France et le Mercredi 04 Novembre 2026 <strong>au D\u00f4me de Marseille.\u00a0<\/strong><\/p>\n<p>&nbsp;<\/p>\n<p>&nbsp;<\/p>\n","protected":false},"author":5229,"featured_media":147393,"template":"","meta":{"_acf_changed":false},"product_brand":[],"product_cat":[815,55,1314,818,2938,1316,162,161,1132],"product_tag":[2937,3398],"class_list":{"0":"post-127664","1":"product","2":"type-product","3":"status-publish","4":"has-post-thumbnail","6":"product_cat-handicap","7":"product_cat-concert","8":"product_cat-emplacement-adapte","9":"product_cat-fauteuil-roulant","10":"product_cat-le-dome-de-marseille","11":"product_cat-accessible-naturellement-malvoyant","12":"product_cat-paca","13":"product_cat-region","14":"product_cat-salles","15":"product_tag-le-dome-de-marseille","16":"product_tag-nej","17":"product-custom-label-billetterie-officielle","18":"product-custom-label-ebillet","19":"product-custom-label-emplacement-fauteuil","20":"product-custom-label-handicap-mental","21":"product-custom-label-mal-voyant","22":"product-custom-label-surdite","23":"badges-style-3","25":"first","26":"instock","27":"shipping-taxable","28":"purchasable","29":"product-type-variable"},"acf":[],"yoast_head":"<!-- This site is optimized with the Yoast SEO plugin v27.2 - https:\/\/yoast.com\/product\/yoast-seo-wordpress\/ -->\n<title>NEJ - Mercredi 04 Novembre 2026 - Le D\u00f4me de Marseille - Yoolabox.com<\/title>\n<meta name=\"robots\" content=\"index, follow, max-snippet:-1, max-image-preview:large, max-video-preview:-1\" \/>\n<link rel=\"canonical\" href=\"https:\/\/www.yoolabox.com\/index.php\/produit\/nej-dimanche-16-novembre-2025-le-dome-de-marseille\/\" \/>\n<meta name=\"twitter:card\" content=\"summary_large_image\" \/>\n<meta name=\"twitter:title\" content=\"NEJ - Mercredi 04 Novembre 2026 - Le D\u00f4me de Marseille - Yoolabox.com\" \/>\n<meta name=\"twitter:description\" content=\"NEJ     IRREEL TOUR     Mercredi 04 Novembre 2026 - 20H00  Le D\u00f4me de Marseille  NEJ\u2019 d\u00e9voile son IRREEL TOUR et promet un show \u00e0 son image : intense, envo\u00fbtant et inoubliable. Apr\u00e8s la sortie de son dernier album SOS IV, ne manquez pas l\u2019occasion de la voir en live partout en France et le Mercredi 04 Novembre 2026 au D\u00f4me de Marseille.\u00a0  &nbsp;  &nbsp;\" \/>\n<meta name=\"twitter:image\" content=\"https:\/\/www.yoolabox.com\/wp-content\/uploads\/2025\/03\/NEJ-Mercredi-04-Novembre-2026-Le-Dome-de-Marseille.png\" \/>\n<meta name=\"twitter:label1\" content=\"Dur\u00e9e de lecture estim\u00e9e\" \/>\n\t<meta name=\"twitter:data1\" content=\"1 minute\" \/>\n<script type=\"application\/ld+json\" class=\"yoast-schema-graph\">{\"@context\":\"https:\/\/schema.org\",\"@graph\":[{\"@type\":\"WebPage\",\"@id\":\"https:\/\/www.yoolabox.com\/index.php\/produit\/nej-dimanche-16-novembre-2025-le-dome-de-marseille\/\",\"url\":\"https:\/\/www.yoolabox.com\/index.php\/produit\/nej-dimanche-16-novembre-2025-le-dome-de-marseille\/\",\"name\":\"NEJ - Mercredi 04 Novembre 2026 - Le D\u00f4me de Marseille - Yoolabox.com\",\"isPartOf\":{\"@id\":\"https:\/\/www.yoolabox.com\/#website\"},\"primaryImageOfPage\":{\"@id\":\"https:\/\/www.yoolabox.com\/index.php\/produit\/nej-dimanche-16-novembre-2025-le-dome-de-marseille\/#primaryimage\"},\"image\":{\"@id\":\"https:\/\/www.yoolabox.com\/index.php\/produit\/nej-dimanche-16-novembre-2025-le-dome-de-marseille\/#primaryimage\"},\"thumbnailUrl\":\"https:\/\/www.yoolabox.com\/wp-content\/uploads\/2025\/03\/NEJ-Mercredi-04-Novembre-2026-Le-Dome-de-Marseille.png\",\"datePublished\":\"2025-03-10T11:45:06+00:00\",\"dateModified\":\"2026-03-21T05:45:19+00:00\",\"breadcrumb\":{\"@id\":\"https:\/\/www.yoolabox.com\/index.php\/produit\/nej-dimanche-16-novembre-2025-le-dome-de-marseille\/#breadcrumb\"},\"inLanguage\":\"fr-FR\",\"potentialAction\":[{\"@type\":\"ReadAction\",\"target\":[\"https:\/\/www.yoolabox.com\/index.php\/produit\/nej-dimanche-16-novembre-2025-le-dome-de-marseille\/\"]}]},{\"@type\":\"ImageObject\",\"inLanguage\":\"fr-FR\",\"@id\":\"https:\/\/www.yoolabox.com\/index.php\/produit\/nej-dimanche-16-novembre-2025-le-dome-de-marseille\/#primaryimage\",\"url\":\"https:\/\/www.yoolabox.com\/wp-content\/uploads\/2025\/03\/NEJ-Mercredi-04-Novembre-2026-Le-Dome-de-Marseille.png\",\"contentUrl\":\"https:\/\/www.yoolabox.com\/wp-content\/uploads\/2025\/03\/NEJ-Mercredi-04-Novembre-2026-Le-Dome-de-Marseille.png\",\"width\":600,\"height\":738},{\"@type\":\"BreadcrumbList\",\"@id\":\"https:\/\/www.yoolabox.com\/index.php\/produit\/nej-dimanche-16-novembre-2025-le-dome-de-marseille\/#breadcrumb\",\"itemListElement\":[{\"@type\":\"ListItem\",\"position\":1,\"name\":\"Home\",\"item\":\"https:\/\/www.yoolabox.com\/\"},{\"@type\":\"ListItem\",\"position\":2,\"name\":\"Shop\",\"item\":\"https:\/\/www.yoolabox.com\/index.php\/shop\/\"},{\"@type\":\"ListItem\",\"position\":3,\"name\":\"NEJ &#8211; Mercredi 04 Novembre 2026 &#8211; Le D\u00f4me de Marseille\"}]},{\"@type\":\"WebSite\",\"@id\":\"https:\/\/www.yoolabox.com\/#website\",\"url\":\"https:\/\/www.yoolabox.com\/\",\"name\":\"Yoolabox.com\",\"description\":\"La billetterie accessible \u00e0 tous\",\"publisher\":{\"@id\":\"https:\/\/www.yoolabox.com\/#organization\"},\"potentialAction\":[{\"@type\":\"SearchAction\",\"target\":{\"@type\":\"EntryPoint\",\"urlTemplate\":\"https:\/\/www.yoolabox.com\/?s={search_term_string}\"},\"query-input\":{\"@type\":\"PropertyValueSpecification\",\"valueRequired\":true,\"valueName\":\"search_term_string\"}}],\"inLanguage\":\"fr-FR\"},{\"@type\":\"Organization\",\"@id\":\"https:\/\/www.yoolabox.com\/#organization\",\"name\":\"Yoolabox.com\",\"url\":\"https:\/\/www.yoolabox.com\/\",\"logo\":{\"@type\":\"ImageObject\",\"inLanguage\":\"fr-FR\",\"@id\":\"https:\/\/www.yoolabox.com\/#\/schema\/logo\/image\/\",\"url\":\"https:\/\/www.yoolabox.com\/wp-content\/uploads\/2019\/11\/cropped-Logo_web.jpg\",\"contentUrl\":\"https:\/\/www.yoolabox.com\/wp-content\/uploads\/2019\/11\/cropped-Logo_web.jpg\",\"width\":300,\"height\":100,\"caption\":\"Yoolabox.com\"},\"image\":{\"@id\":\"https:\/\/www.yoolabox.com\/#\/schema\/logo\/image\/\"}}]}<\/script>\n<!-- \/ Yoast SEO plugin. -->","yoast_head_json":{"title":"NEJ - Mercredi 04 Novembre 2026 - Le D\u00f4me de Marseille - Yoolabox.com","robots":{"index":"index","follow":"follow","max-snippet":"max-snippet:-1","max-image-preview":"max-image-preview:large","max-video-preview":"max-video-preview:-1"},"canonical":"https:\/\/www.yoolabox.com\/index.php\/produit\/nej-dimanche-16-novembre-2025-le-dome-de-marseille\/","twitter_card":"summary_large_image","twitter_title":"NEJ - Mercredi 04 Novembre 2026 - Le D\u00f4me de Marseille - Yoolabox.com","twitter_description":"NEJ     IRREEL TOUR     Mercredi 04 Novembre 2026 - 20H00  Le D\u00f4me de Marseille  NEJ\u2019 d\u00e9voile son IRREEL TOUR et promet un show \u00e0 son image : intense, envo\u00fbtant et inoubliable. Apr\u00e8s la sortie de son dernier album SOS IV, ne manquez pas l\u2019occasion de la voir en live partout en France et le Mercredi 04 Novembre 2026 au D\u00f4me de Marseille.\u00a0  &nbsp;  &nbsp;","twitter_image":"https:\/\/www.yoolabox.com\/wp-content\/uploads\/2025\/03\/NEJ-Mercredi-04-Novembre-2026-Le-Dome-de-Marseille.png","twitter_misc":{"Dur\u00e9e de lecture estim\u00e9e":"1 minute"},"schema":{"@context":"https:\/\/schema.org","@graph":[{"@type":"WebPage","@id":"https:\/\/www.yoolabox.com\/index.php\/produit\/nej-dimanche-16-novembre-2025-le-dome-de-marseille\/","url":"https:\/\/www.yoolabox.com\/index.php\/produit\/nej-dimanche-16-novembre-2025-le-dome-de-marseille\/","name":"NEJ - Mercredi 04 Novembre 2026 - Le D\u00f4me de Marseille - Yoolabox.com","isPartOf":{"@id":"https:\/\/www.yoolabox.com\/#website"},"primaryImageOfPage":{"@id":"https:\/\/www.yoolabox.com\/index.php\/produit\/nej-dimanche-16-novembre-2025-le-dome-de-marseille\/#primaryimage"},"image":{"@id":"https:\/\/www.yoolabox.com\/index.php\/produit\/nej-dimanche-16-novembre-2025-le-dome-de-marseille\/#primaryimage"},"thumbnailUrl":"https:\/\/www.yoolabox.com\/wp-content\/uploads\/2025\/03\/NEJ-Mercredi-04-Novembre-2026-Le-Dome-de-Marseille.png","datePublished":"2025-03-10T11:45:06+00:00","dateModified":"2026-03-21T05:45:19+00:00","breadcrumb":{"@id":"https:\/\/www.yoolabox.com\/index.php\/produit\/nej-dimanche-16-novembre-2025-le-dome-de-marseille\/#breadcrumb"},"inLanguage":"fr-FR","potentialAction":[{"@type":"ReadAction","target":["https:\/\/www.yoolabox.com\/index.php\/produit\/nej-dimanche-16-novembre-2025-le-dome-de-marseille\/"]}]},{"@type":"ImageObject","inLanguage":"fr-FR","@id":"https:\/\/www.yoolabox.com\/index.php\/produit\/nej-dimanche-16-novembre-2025-le-dome-de-marseille\/#primaryimage","url":"https:\/\/www.yoolabox.com\/wp-content\/uploads\/2025\/03\/NEJ-Mercredi-04-Novembre-2026-Le-Dome-de-Marseille.png","contentUrl":"https:\/\/www.yoolabox.com\/wp-content\/uploads\/2025\/03\/NEJ-Mercredi-04-Novembre-2026-Le-Dome-de-Marseille.png","width":600,"height":738},{"@type":"BreadcrumbList","@id":"https:\/\/www.yoolabox.com\/index.php\/produit\/nej-dimanche-16-novembre-2025-le-dome-de-marseille\/#breadcrumb","itemListElement":[{"@type":"ListItem","position":1,"name":"Home","item":"https:\/\/www.yoolabox.com\/"},{"@type":"ListItem","position":2,"name":"Shop","item":"https:\/\/www.yoolabox.com\/index.php\/shop\/"},{"@type":"ListItem","position":3,"name":"NEJ &#8211; Mercredi 04 Novembre 2026 &#8211; Le D\u00f4me de Marseille"}]},{"@type":"WebSite","@id":"https:\/\/www.yoolabox.com\/#website","url":"https:\/\/www.yoolabox.com\/","name":"Yoolabox.com","description":"La billetterie accessible \u00e0 tous","publisher":{"@id":"https:\/\/www.yoolabox.com\/#organization"},"potentialAction":[{"@type":"SearchAction","target":{"@type":"EntryPoint","urlTemplate":"https:\/\/www.yoolabox.com\/?s={search_term_string}"},"query-input":{"@type":"PropertyValueSpecification","valueRequired":true,"valueName":"search_term_string"}}],"inLanguage":"fr-FR"},{"@type":"Organization","@id":"https:\/\/www.yoolabox.com\/#organization","name":"Yoolabox.com","url":"https:\/\/www.yoolabox.com\/","logo":{"@type":"ImageObject","inLanguage":"fr-FR","@id":"https:\/\/www.yoolabox.com\/#\/schema\/logo\/image\/","url":"https:\/\/www.yoolabox.com\/wp-content\/uploads\/2019\/11\/cropped-Logo_web.jpg","contentUrl":"https:\/\/www.yoolabox.com\/wp-content\/uploads\/2019\/11\/cropped-Logo_web.jpg","width":300,"height":100,"caption":"Yoolabox.com"},"image":{"@id":"https:\/\/www.yoolabox.com\/#\/schema\/logo\/image\/"}}]}},"publishpress_future_action":{"enabled":false,"date":"2026-05-06 22:18:12","action":"change-status","newStatus":"draft","terms":[],"taxonomy":"product_cat","extraData":[]},"publishpress_future_workflow_manual_trigger":{"enabledWorkflows":[]},"_links":{"self":[{"href":"https:\/\/www.yoolabox.com\/index.php\/wp-json\/wp\/v2\/product\/127664","targetHints":{"allow":["GET"]}}],"collection":[{"href":"https:\/\/www.yoolabox.com\/index.php\/wp-json\/wp\/v2\/product"}],"about":[{"href":"https:\/\/www.yoolabox.com\/index.php\/wp-json\/wp\/v2\/types\/product"}],"author":[{"embeddable":true,"href":"https:\/\/www.yoolabox.com\/index.php\/wp-json\/wp\/v2\/users\/5229"}],"version-history":[{"count":1,"href":"https:\/\/www.yoolabox.com\/index.php\/wp-json\/wp\/v2\/product\/127664\/revisions"}],"predecessor-version":[{"id":147463,"href":"https:\/\/www.yoolabox.com\/index.php\/wp-json\/wp\/v2\/product\/127664\/revisions\/147463"}],"wp:featuredmedia":[{"embeddable":true,"href":"https:\/\/www.yoolabox.com\/index.php\/wp-json\/wp\/v2\/media\/147393"}],"wp:attachment":[{"href":"https:\/\/www.yoolabox.com\/index.php\/wp-json\/wp\/v2\/media?parent=127664"}],"wp:term":[{"taxonomy":"product_brand","embeddable":true,"href":"https:\/\/www.yoolabox.com\/index.php\/wp-json\/wp\/v2\/product_brand?post=127664"},{"taxonomy":"product_cat","embeddable":true,"href":"https:\/\/www.yoolabox.com\/index.php\/wp-json\/wp\/v2\/product_cat?post=127664"},{"taxonomy":"product_tag","embeddable":true,"href":"https:\/\/www.yoolabox.com\/index.php\/wp-json\/wp\/v2\/product_tag?post=127664"}],"curies":[{"name":"wp","href":"https:\/\/api.w.org\/{rel}","templated":true}]}}