{"id":4854,"date":"2017-09-12T16:47:19","date_gmt":"2017-09-12T14:47:19","guid":{"rendered":"https:\/\/www.yoolabox.com\/?page_id=4854"},"modified":"2018-03-13T17:49:16","modified_gmt":"2018-03-13T16:49:16","slug":"basketball-billetterie-accessible-handicap","status":"publish","type":"page","link":"https:\/\/www.yoolabox.com\/index.php\/basketball-billetterie-accessible-handicap\/","title":{"rendered":"Basket-ball &#8211; Billetterie accessible aux spectateurs handicap\u00e9s"},"content":{"rendered":"<p>[vc_row][vc_column][mkdf_section_title title_text_transform=&#8221;&#8221; title_text_align=&#8221;center&#8221; title_size=&#8221;medium&#8221; title=&#8221;BASKETBALL &#8211; BILLETS OFFICIELS &#8220;][vc_column_text]<\/p>\n<p style=\"text-align: justify;\">Vous \u00eates passionn\u00e9s de Basket, YOOLABOX vous propose les plus belles affiches de Pro A ainsi que les Coupes d&#8217;Europe. Commandez facilement vos billets en ligne et recevez vos e-billets directement par email. Vous retrouvez \u00e9galement pour chaque \u00e9v\u00e9nement des informations pratiques sur l&#8217;accessibilit\u00e9 et les services disponibles pendant l&#8217;\u00e9v\u00e9nement.<\/p>\n<p>[\/vc_column_text][vc_empty_space]<div class=\"woocommerce columns-4 \"><ul class=\"products columns-4\">\n<li class=\"badges-style-3 product type-product post-147661 status-publish first instock product_cat-handicap product_cat-basketball product_cat-emplacement-adapte product_cat-fauteuil-roulant product_cat-grand-est product_cat-region product_cat-sig-strasbourg product_cat-sport product_tag-betclic-elite product_tag-sig has-post-thumbnail shipping-taxable purchasable product-type-variable\">\n\t<div class=\"inner-wrapper with-extra-gallery\"><div class=\"img-wrapper\"><a href=\"https:\/\/www.yoolabox.com\/index.php\/produit\/sig-strasbourg-elan-chalon-samedi-16-mai-2026-a-1900-le-rhenus\/\" class=\"woocommerce-LoopProduct-link woocommerce-loop-product__link\"><img fetchpriority=\"high\" decoding=\"async\" width=\"600\" height=\"849\" src=\"https:\/\/www.yoolabox.com\/wp-content\/uploads\/2024\/09\/SIG-VISUEL-2024-2025-600x849.png\" class=\"attachment-woocommerce_thumbnail size-woocommerce_thumbnail\" alt=\"SIG Strasbourg \u2013 ELAN CHALON- Samedi 16 Mai 2026 \u00e0 19:00 - Le Rh\u00e9nus\" srcset=\"https:\/\/www.yoolabox.com\/wp-content\/uploads\/2024\/09\/SIG-VISUEL-2024-2025-600x849.png 600w, https:\/\/www.yoolabox.com\/wp-content\/uploads\/2024\/09\/SIG-VISUEL-2024-2025-566x800.png 566w, https:\/\/www.yoolabox.com\/wp-content\/uploads\/2024\/09\/SIG-VISUEL-2024-2025-724x1024.png 724w, https:\/\/www.yoolabox.com\/wp-content\/uploads\/2024\/09\/SIG-VISUEL-2024-2025-768x1086.png 768w, https:\/\/www.yoolabox.com\/wp-content\/uploads\/2024\/09\/SIG-VISUEL-2024-2025-1086x1536.png 1086w, https:\/\/www.yoolabox.com\/wp-content\/uploads\/2024\/09\/SIG-VISUEL-2024-2025-300x424.png 300w, https:\/\/www.yoolabox.com\/wp-content\/uploads\/2024\/09\/SIG-VISUEL-2024-2025-64x91.png 64w, https:\/\/www.yoolabox.com\/wp-content\/uploads\/2024\/09\/SIG-VISUEL-2024-2025.png 1414w\" sizes=\"(max-width: 600px) 100vw, 600px\" \/><\/a><ul class=\"extra-gallery-thumbs\"><li><a href=\"https:\/\/www.yoolabox.com\/wp-content\/uploads\/2024\/09\/SIG-VISUEL-2024-2025.png\"><img decoding=\"async\" width=\"1414\" height=\"2000\" src=\"https:\/\/www.yoolabox.com\/wp-content\/uploads\/2024\/09\/SIG-VISUEL-2024-2025.png\" class=\"attachment-shop_thumbnail size-shop_thumbnail\" alt=\"\" srcset=\"https:\/\/www.yoolabox.com\/wp-content\/uploads\/2024\/09\/SIG-VISUEL-2024-2025.png 1414w, https:\/\/www.yoolabox.com\/wp-content\/uploads\/2024\/09\/SIG-VISUEL-2024-2025-566x800.png 566w, https:\/\/www.yoolabox.com\/wp-content\/uploads\/2024\/09\/SIG-VISUEL-2024-2025-724x1024.png 724w, https:\/\/www.yoolabox.com\/wp-content\/uploads\/2024\/09\/SIG-VISUEL-2024-2025-768x1086.png 768w, https:\/\/www.yoolabox.com\/wp-content\/uploads\/2024\/09\/SIG-VISUEL-2024-2025-1086x1536.png 1086w, https:\/\/www.yoolabox.com\/wp-content\/uploads\/2024\/09\/SIG-VISUEL-2024-2025-600x849.png 600w, https:\/\/www.yoolabox.com\/wp-content\/uploads\/2024\/09\/SIG-VISUEL-2024-2025-300x424.png 300w, https:\/\/www.yoolabox.com\/wp-content\/uploads\/2024\/09\/SIG-VISUEL-2024-2025-64x91.png 64w\" sizes=\"(max-width: 1414px) 100vw, 1414px\" \/><\/a><\/li><li><a href=\"https:\/\/www.yoolabox.com\/wp-content\/uploads\/2017\/09\/tarif-plan-rhenus-600x514.jpg\"><img decoding=\"async\" width=\"100\" height=\"100\" src=\"https:\/\/www.yoolabox.com\/wp-content\/uploads\/2017\/09\/tarif-plan-rhenus-100x100.jpg\" class=\"attachment-shop_thumbnail size-shop_thumbnail\" alt=\"\" srcset=\"https:\/\/www.yoolabox.com\/wp-content\/uploads\/2017\/09\/tarif-plan-rhenus-100x100.jpg 100w, https:\/\/www.yoolabox.com\/wp-content\/uploads\/2017\/09\/tarif-plan-rhenus-150x150.jpg 150w, https:\/\/www.yoolabox.com\/wp-content\/uploads\/2017\/09\/tarif-plan-rhenus-350x350.jpg 350w, https:\/\/www.yoolabox.com\/wp-content\/uploads\/2017\/09\/tarif-plan-rhenus-600x600.jpg 600w\" sizes=\"(max-width: 100px) 100vw, 100px\" \/><\/a><\/li><li><a href=\"https:\/\/www.yoolabox.com\/wp-content\/uploads\/2016\/04\/Rhenus-600x216.jpg\"><img loading=\"lazy\" decoding=\"async\" width=\"100\" height=\"100\" src=\"https:\/\/www.yoolabox.com\/wp-content\/uploads\/2016\/04\/Rhenus-100x100.jpg\" class=\"attachment-shop_thumbnail size-shop_thumbnail\" alt=\"\" srcset=\"https:\/\/www.yoolabox.com\/wp-content\/uploads\/2016\/04\/Rhenus-100x100.jpg 100w, https:\/\/www.yoolabox.com\/wp-content\/uploads\/2016\/04\/Rhenus-150x150.jpg 150w, https:\/\/www.yoolabox.com\/wp-content\/uploads\/2016\/04\/Rhenus-350x350.jpg 350w\" sizes=\"(max-width: 100px) 100vw, 100px\" \/><\/a><\/li><\/ul><div class=\"buttons-wrapper\"><span class=\"product-tooltip\"><\/span><\/div><\/div><div class=\"excerpt-wrapper\"><small class=\"wcvendors_sold_by_in_loop\">Vendu par: <a href=\"https:\/\/www.yoolabox.com\/vendors\/SIGStrasbourg\/\" class=\"wcvendors_cart_sold_by_meta\">SIGStrasbourg<\/a><\/small><br\/>\n<a class=\"primary-cat\" href=\"https:\/\/www.yoolabox.com\/index.php\/categorie-produit\/sport\/basketball\/sig-strasbourg\/\">SIG Strasbourg<\/a><a href=\"https:\/\/www.yoolabox.com\/index.php\/produit\/sig-strasbourg-elan-chalon-samedi-16-mai-2026-a-1900-le-rhenus\/\" class=\"woocommerce-LoopProduct-link woocommerce-loop-product__link\"><h2 class=\"woocommerce-loop-product__title\">SIG Strasbourg \u2013 ELAN CHALON- Samedi 16 Mai 2026 \u00e0 19:00 &#8211; Le Rh\u00e9nus<\/h2><\/a>            <div class=\"short-description\">\n\t\t\t\t<h2>Betclic Elite 2024\/2025<\/h2>\n<h3><strong>Vendredi 25 avril 2025 &#8211; 20:00 au Rh\u00e9nus Sport de Strasbourg<\/strong><\/h3>\n<h3>SIG Strasbourg \u2013 La Rochelle<\/h3>\n<p>&#8211; Les dates et horaires indiqu\u00e9s sur les billets ne sont pas d\u00e9finitifs, les informations sont susceptibles de modifications de la LNB, il appartient \u00e0 la personne qui ach\u00e8te le billet de se tenir inform\u00e9e des \u00e9ventuels changements concernant la rencontre.<\/p>\n<p>Les billets vous seront envoy\u00e9s par e-mail au plus tard 48H avant la rencontre.<\/p>\n            <\/div>\n\t\t<div class=\"star-rating\"><\/div><div class=\"reviews-wrapper\"><span>(0 reviews)<\/span><\/div><div class=\"price-wrapper\">\n\t<span class=\"price\"><span class=\"woocommerce-Price-amount amount\" aria-hidden=\"true\"><bdi>8,00<span class=\"woocommerce-Price-currencySymbol\">&euro;<\/span><\/bdi><\/span> <span aria-hidden=\"true\">\u00a0\u2013\u00a0<\/span> <span class=\"woocommerce-Price-amount amount\" aria-hidden=\"true\"><bdi>12,00<span class=\"woocommerce-Price-currencySymbol\">&euro;<\/span><\/bdi><\/span><span class=\"screen-reader-text\">Plage de prix\u00a0: 8,00&euro; \u00e0 12,00&euro;<\/span><\/span>\n<a href=\"https:\/\/www.yoolabox.com\/index.php\/produit\/sig-strasbourg-elan-chalon-samedi-16-mai-2026-a-1900-le-rhenus\/\" aria-describedby=\"woocommerce_loop_add_to_cart_link_describedby_147661\" data-quantity=\"1\" class=\"button product_type_variable add_to_cart_button\" data-product_id=\"147661\" data-product_sku=\"73720-1-1-1-1-1-2-1-1-1-1-1-1-1-1-1-1-1-1-1-1-1-2-1-1-1-2-1-1-1-1-1-3-5-2-1-1-1-1-1-1-1-3-1-1-1-2-1-2\" aria-label=\"S\u00e9lectionner les options pour &ldquo;SIG Strasbourg \u2013 ELAN CHALON- Samedi 16 Mai 2026 \u00e0 19:00 - Le Rh\u00e9nus&rdquo;\" rel=\"nofollow\">Choix des options<\/a>\t<span id=\"woocommerce_loop_add_to_cart_link_describedby_147661\" class=\"screen-reader-text\">\n\t\tCe produit a plusieurs variations. Les options peuvent \u00eatre choisies sur la page du produit\t<\/span>\n<\/div><\/div><\/div><\/li>\n<li class=\"badges-style-3 product type-product post-147667 status-publish instock product_cat-handicap product_cat-basketball product_cat-emplacement-adapte product_cat-fauteuil-roulant product_cat-grand-est product_cat-region product_cat-sig-strasbourg product_cat-sport product_tag-betclic-elite product_tag-sig has-post-thumbnail shipping-taxable purchasable product-type-variable\">\n\t<div class=\"inner-wrapper with-extra-gallery\"><div class=\"img-wrapper\"><a href=\"https:\/\/www.yoolabox.com\/index.php\/produit\/sig-strasbourg-monaco-dimanche-3-mai-2026-a-1900-le-rhenus\/\" class=\"woocommerce-LoopProduct-link woocommerce-loop-product__link\"><img loading=\"lazy\" decoding=\"async\" width=\"600\" height=\"849\" src=\"https:\/\/www.yoolabox.com\/wp-content\/uploads\/2024\/09\/SIG-VISUEL-2024-2025-600x849.png\" class=\"attachment-woocommerce_thumbnail size-woocommerce_thumbnail\" alt=\"SIG Strasbourg \u2013  MONACO- Dimanche 3 Mai 2026 \u00e0 19:00 - Le Rh\u00e9nus\" srcset=\"https:\/\/www.yoolabox.com\/wp-content\/uploads\/2024\/09\/SIG-VISUEL-2024-2025-600x849.png 600w, https:\/\/www.yoolabox.com\/wp-content\/uploads\/2024\/09\/SIG-VISUEL-2024-2025-566x800.png 566w, https:\/\/www.yoolabox.com\/wp-content\/uploads\/2024\/09\/SIG-VISUEL-2024-2025-724x1024.png 724w, https:\/\/www.yoolabox.com\/wp-content\/uploads\/2024\/09\/SIG-VISUEL-2024-2025-768x1086.png 768w, https:\/\/www.yoolabox.com\/wp-content\/uploads\/2024\/09\/SIG-VISUEL-2024-2025-1086x1536.png 1086w, https:\/\/www.yoolabox.com\/wp-content\/uploads\/2024\/09\/SIG-VISUEL-2024-2025-300x424.png 300w, https:\/\/www.yoolabox.com\/wp-content\/uploads\/2024\/09\/SIG-VISUEL-2024-2025-64x91.png 64w, https:\/\/www.yoolabox.com\/wp-content\/uploads\/2024\/09\/SIG-VISUEL-2024-2025.png 1414w\" sizes=\"(max-width: 600px) 100vw, 600px\" \/><\/a><ul class=\"extra-gallery-thumbs\"><li><a href=\"https:\/\/www.yoolabox.com\/wp-content\/uploads\/2024\/09\/SIG-VISUEL-2024-2025.png\"><img decoding=\"async\" width=\"1414\" height=\"2000\" src=\"https:\/\/www.yoolabox.com\/wp-content\/uploads\/2024\/09\/SIG-VISUEL-2024-2025.png\" class=\"attachment-shop_thumbnail size-shop_thumbnail\" alt=\"\" srcset=\"https:\/\/www.yoolabox.com\/wp-content\/uploads\/2024\/09\/SIG-VISUEL-2024-2025.png 1414w, https:\/\/www.yoolabox.com\/wp-content\/uploads\/2024\/09\/SIG-VISUEL-2024-2025-566x800.png 566w, https:\/\/www.yoolabox.com\/wp-content\/uploads\/2024\/09\/SIG-VISUEL-2024-2025-724x1024.png 724w, https:\/\/www.yoolabox.com\/wp-content\/uploads\/2024\/09\/SIG-VISUEL-2024-2025-768x1086.png 768w, https:\/\/www.yoolabox.com\/wp-content\/uploads\/2024\/09\/SIG-VISUEL-2024-2025-1086x1536.png 1086w, https:\/\/www.yoolabox.com\/wp-content\/uploads\/2024\/09\/SIG-VISUEL-2024-2025-600x849.png 600w, https:\/\/www.yoolabox.com\/wp-content\/uploads\/2024\/09\/SIG-VISUEL-2024-2025-300x424.png 300w, https:\/\/www.yoolabox.com\/wp-content\/uploads\/2024\/09\/SIG-VISUEL-2024-2025-64x91.png 64w\" sizes=\"(max-width: 1414px) 100vw, 1414px\" \/><\/a><\/li><li><a href=\"https:\/\/www.yoolabox.com\/wp-content\/uploads\/2017\/09\/tarif-plan-rhenus-600x514.jpg\"><img decoding=\"async\" width=\"100\" height=\"100\" src=\"https:\/\/www.yoolabox.com\/wp-content\/uploads\/2017\/09\/tarif-plan-rhenus-100x100.jpg\" class=\"attachment-shop_thumbnail size-shop_thumbnail\" alt=\"\" srcset=\"https:\/\/www.yoolabox.com\/wp-content\/uploads\/2017\/09\/tarif-plan-rhenus-100x100.jpg 100w, https:\/\/www.yoolabox.com\/wp-content\/uploads\/2017\/09\/tarif-plan-rhenus-150x150.jpg 150w, https:\/\/www.yoolabox.com\/wp-content\/uploads\/2017\/09\/tarif-plan-rhenus-350x350.jpg 350w, https:\/\/www.yoolabox.com\/wp-content\/uploads\/2017\/09\/tarif-plan-rhenus-600x600.jpg 600w\" sizes=\"(max-width: 100px) 100vw, 100px\" \/><\/a><\/li><li><a href=\"https:\/\/www.yoolabox.com\/wp-content\/uploads\/2016\/04\/Rhenus-600x216.jpg\"><img loading=\"lazy\" decoding=\"async\" width=\"100\" height=\"100\" src=\"https:\/\/www.yoolabox.com\/wp-content\/uploads\/2016\/04\/Rhenus-100x100.jpg\" class=\"attachment-shop_thumbnail size-shop_thumbnail\" alt=\"\" srcset=\"https:\/\/www.yoolabox.com\/wp-content\/uploads\/2016\/04\/Rhenus-100x100.jpg 100w, https:\/\/www.yoolabox.com\/wp-content\/uploads\/2016\/04\/Rhenus-150x150.jpg 150w, https:\/\/www.yoolabox.com\/wp-content\/uploads\/2016\/04\/Rhenus-350x350.jpg 350w\" sizes=\"(max-width: 100px) 100vw, 100px\" \/><\/a><\/li><\/ul><div class=\"buttons-wrapper\"><span class=\"product-tooltip\"><\/span><\/div><\/div><div class=\"excerpt-wrapper\"><small class=\"wcvendors_sold_by_in_loop\">Vendu par: <a href=\"https:\/\/www.yoolabox.com\/vendors\/SIGStrasbourg\/\" class=\"wcvendors_cart_sold_by_meta\">SIGStrasbourg<\/a><\/small><br\/>\n<a class=\"primary-cat\" href=\"https:\/\/www.yoolabox.com\/index.php\/categorie-produit\/sport\/basketball\/sig-strasbourg\/\">SIG Strasbourg<\/a><a href=\"https:\/\/www.yoolabox.com\/index.php\/produit\/sig-strasbourg-monaco-dimanche-3-mai-2026-a-1900-le-rhenus\/\" class=\"woocommerce-LoopProduct-link woocommerce-loop-product__link\"><h2 class=\"woocommerce-loop-product__title\">SIG Strasbourg \u2013  MONACO- Dimanche 3 Mai 2026 \u00e0 19:00 &#8211; Le Rh\u00e9nus<\/h2><\/a>            <div class=\"short-description\">\n\t\t\t\t<h2>Betclic Elite 2025\/2026<\/h2>\n<h3><strong>Dimanche 3 Mai 2026 \u00e0 19:00\u00a0<\/strong><\/h3>\n<h3><strong>LE RHENUS 67000 STRASBOURG<\/strong><\/h3>\n<h3>SIG Strasbourg \u2013 MONACO<\/h3>\n<h3><span style=\"font-size: 16px\">&#8211; Les dates et horaires indiqu\u00e9s sur les billets ne sont pas d\u00e9finitifs, les informations sont susceptibles de modifications de la LNB, il appartient \u00e0 la personne qui ach\u00e8te le billet de se tenir inform\u00e9e des \u00e9ventuels changements concernant la rencontre.<\/span><\/h3>\n<p>Les billets vous seront envoy\u00e9s par e-mail au plus tard 48H avant la rencontre.<\/p>\n            <\/div>\n\t\t<div class=\"star-rating\"><\/div><div class=\"reviews-wrapper\"><span>(0 reviews)<\/span><\/div><div class=\"price-wrapper\">\n\t<span class=\"price\"><span class=\"woocommerce-Price-amount amount\" aria-hidden=\"true\"><bdi>8,00<span class=\"woocommerce-Price-currencySymbol\">&euro;<\/span><\/bdi><\/span> <span aria-hidden=\"true\">\u00a0\u2013\u00a0<\/span> <span class=\"woocommerce-Price-amount amount\" aria-hidden=\"true\"><bdi>18,00<span class=\"woocommerce-Price-currencySymbol\">&euro;<\/span><\/bdi><\/span><span class=\"screen-reader-text\">Plage de prix\u00a0: 8,00&euro; \u00e0 18,00&euro;<\/span><\/span>\n<a href=\"https:\/\/www.yoolabox.com\/index.php\/produit\/sig-strasbourg-monaco-dimanche-3-mai-2026-a-1900-le-rhenus\/\" aria-describedby=\"woocommerce_loop_add_to_cart_link_describedby_147667\" data-quantity=\"1\" class=\"button product_type_variable add_to_cart_button\" data-product_id=\"147667\" data-product_sku=\"73720-1-1-1-1-1-2-1-1-1-1-1-1-1-1-1-1-1-1-1-1-1-2-1-1-1-2-1-1-1-1-1-3-5-2-1-1-1-1-1-1-1-3-1-1-1-2-1-2\" aria-label=\"S\u00e9lectionner les options pour &ldquo;SIG Strasbourg \u2013  MONACO- Dimanche 3 Mai 2026 \u00e0 19:00 - Le Rh\u00e9nus&rdquo;\" rel=\"nofollow\">Choix des options<\/a>\t<span id=\"woocommerce_loop_add_to_cart_link_describedby_147667\" class=\"screen-reader-text\">\n\t\tCe produit a plusieurs variations. Les options peuvent \u00eatre choisies sur la page du produit\t<\/span>\n<\/div><\/div><\/div><\/li>\n<\/ul>\n<\/div>[\/vc_column][\/vc_row][vc_row css=&#8221;.vc_custom_1487163418662{background-image: url(https:\/\/www.yoolabox.com\/wp-content\/uploads\/2017\/02\/main-home-parallax-2.jpg?id=4576) !important;}&#8221;][vc_column][mkdf_call_to_action full_width=&#8221;no&#8221; type=&#8221;normal&#8221; show_button=&#8221;yes&#8221; button_type=&#8221;&#8221; button_hover_type=&#8221;&#8221; button_hover_animation=&#8221;&#8221; button_target=&#8221;_blank&#8221; button_icon_pack=&#8221;&#8221; button_text=&#8221;DECOUVRIR&#8221; button_link=&#8221;http:\/\/www.yoola.fr&#8221; button_color=&#8221;#ffffff&#8221; button_border_color=&#8221;#ffffff&#8221;]<\/p>\n<h4><span style=\"color: #ffffff;\">Besoin de service compl\u00e9mentaire pour organiser votre voyage comme par exemple un transport adapt\u00e9 et un h\u00e9bergement. D\u00e9couvrez notre Agence de Voyage sur www.yoola.fr<\/span><\/h4>\n<p>[\/mkdf_call_to_action][\/vc_column][\/vc_row]<\/p>\n","protected":false},"excerpt":{"rendered":"<p>[vc_row][vc_column][mkdf_section_title title_text_transform=&#8221;&#8221; title_text_align=&#8221;center&#8221; title_size=&#8221;medium&#8221; title=&#8221;BASKETBALL &#8211; BILLETS OFFICIELS &#8220;][vc_column_text] Vous \u00eates passionn\u00e9s de Basket, YOOLABOX vous propose les plus belles affiches de Pro A ainsi que les Coupes d&#8217;Europe. Commandez facilement vos billets en ligne et recevez vos e-billets directement par email. Vous retrouvez \u00e9galement pour chaque \u00e9v\u00e9nement des informations pratiques sur l&#8217;accessibilit\u00e9 et les<br \/><a class=\"more-link\" href=\"https:\/\/www.yoolabox.com\/index.php\/basketball-billetterie-accessible-handicap\/\"><br \/>\n        Read More<span class=\"screen-reader-text\"> &#8220;Basket-ball &#8211; Billetterie accessible aux spectateurs handicap\u00e9s&#8221;<\/span><\/a><\/p>\n","protected":false},"author":1,"featured_media":0,"parent":0,"menu_order":0,"comment_status":"closed","ping_status":"closed","template":"","meta":{"_acf_changed":false,"footnotes":""},"class_list":["post-4854","page","type-page","status-publish","hentry","badges-style-3"],"acf":[],"yoast_head":"<!-- This site is optimized with the Yoast SEO plugin v27.2 - https:\/\/yoast.com\/product\/yoast-seo-wordpress\/ -->\n<title>Basket-ball - Billetterie accessible aux spectateurs handicap\u00e9s - Yoolabox.com<\/title>\n<meta name=\"description\" content=\"Basket-ball - Billetterie accessible aux spectateurs handicap\u00e9s - Yoolabox.com\" \/>\n<meta name=\"robots\" content=\"index, follow, max-snippet:-1, max-image-preview:large, max-video-preview:-1\" \/>\n<link rel=\"canonical\" href=\"https:\/\/www.yoolabox.com\/index.php\/basketball-billetterie-accessible-handicap\/\" \/>\n<meta name=\"twitter:card\" content=\"summary_large_image\" \/>\n<meta name=\"twitter:title\" content=\"Basket-ball - Billetterie accessible aux spectateurs handicap\u00e9s - Yoolabox.com\" \/>\n<meta name=\"twitter:description\" content=\"Basket-ball - Billetterie accessible aux spectateurs handicap\u00e9s - Yoolabox.com\" \/>\n<meta name=\"twitter:label1\" content=\"Dur\u00e9e de lecture estim\u00e9e\" \/>\n\t<meta name=\"twitter:data1\" content=\"1 minute\" \/>\n<script type=\"application\/ld+json\" class=\"yoast-schema-graph\">{\"@context\":\"https:\/\/schema.org\",\"@graph\":[{\"@type\":\"WebPage\",\"@id\":\"https:\/\/www.yoolabox.com\/index.php\/basketball-billetterie-accessible-handicap\/\",\"url\":\"https:\/\/www.yoolabox.com\/index.php\/basketball-billetterie-accessible-handicap\/\",\"name\":\"Basket-ball - Billetterie accessible aux spectateurs handicap\u00e9s - Yoolabox.com\",\"isPartOf\":{\"@id\":\"https:\/\/www.yoolabox.com\/#website\"},\"datePublished\":\"2017-09-12T14:47:19+00:00\",\"dateModified\":\"2018-03-13T16:49:16+00:00\",\"description\":\"Basket-ball - Billetterie accessible aux spectateurs handicap\u00e9s - Yoolabox.com\",\"breadcrumb\":{\"@id\":\"https:\/\/www.yoolabox.com\/index.php\/basketball-billetterie-accessible-handicap\/#breadcrumb\"},\"inLanguage\":\"fr-FR\",\"potentialAction\":[{\"@type\":\"ReadAction\",\"target\":[\"https:\/\/www.yoolabox.com\/index.php\/basketball-billetterie-accessible-handicap\/\"]}]},{\"@type\":\"BreadcrumbList\",\"@id\":\"https:\/\/www.yoolabox.com\/index.php\/basketball-billetterie-accessible-handicap\/#breadcrumb\",\"itemListElement\":[{\"@type\":\"ListItem\",\"position\":1,\"name\":\"Home\",\"item\":\"https:\/\/www.yoolabox.com\/\"},{\"@type\":\"ListItem\",\"position\":2,\"name\":\"Basket-ball &#8211; Billetterie accessible aux spectateurs handicap\u00e9s\"}]},{\"@type\":\"WebSite\",\"@id\":\"https:\/\/www.yoolabox.com\/#website\",\"url\":\"https:\/\/www.yoolabox.com\/\",\"name\":\"Yoolabox.com\",\"description\":\"La billetterie accessible \u00e0 tous\",\"publisher\":{\"@id\":\"https:\/\/www.yoolabox.com\/#organization\"},\"potentialAction\":[{\"@type\":\"SearchAction\",\"target\":{\"@type\":\"EntryPoint\",\"urlTemplate\":\"https:\/\/www.yoolabox.com\/?s={search_term_string}\"},\"query-input\":{\"@type\":\"PropertyValueSpecification\",\"valueRequired\":true,\"valueName\":\"search_term_string\"}}],\"inLanguage\":\"fr-FR\"},{\"@type\":\"Organization\",\"@id\":\"https:\/\/www.yoolabox.com\/#organization\",\"name\":\"Yoolabox.com\",\"url\":\"https:\/\/www.yoolabox.com\/\",\"logo\":{\"@type\":\"ImageObject\",\"inLanguage\":\"fr-FR\",\"@id\":\"https:\/\/www.yoolabox.com\/#\/schema\/logo\/image\/\",\"url\":\"https:\/\/www.yoolabox.com\/wp-content\/uploads\/2019\/11\/cropped-Logo_web.jpg\",\"contentUrl\":\"https:\/\/www.yoolabox.com\/wp-content\/uploads\/2019\/11\/cropped-Logo_web.jpg\",\"width\":300,\"height\":100,\"caption\":\"Yoolabox.com\"},\"image\":{\"@id\":\"https:\/\/www.yoolabox.com\/#\/schema\/logo\/image\/\"}}]}<\/script>\n<!-- \/ Yoast SEO plugin. -->","yoast_head_json":{"title":"Basket-ball - Billetterie accessible aux spectateurs handicap\u00e9s - Yoolabox.com","description":"Basket-ball - Billetterie accessible aux spectateurs handicap\u00e9s - Yoolabox.com","robots":{"index":"index","follow":"follow","max-snippet":"max-snippet:-1","max-image-preview":"max-image-preview:large","max-video-preview":"max-video-preview:-1"},"canonical":"https:\/\/www.yoolabox.com\/index.php\/basketball-billetterie-accessible-handicap\/","twitter_card":"summary_large_image","twitter_title":"Basket-ball - Billetterie accessible aux spectateurs handicap\u00e9s - Yoolabox.com","twitter_description":"Basket-ball - Billetterie accessible aux spectateurs handicap\u00e9s - Yoolabox.com","twitter_misc":{"Dur\u00e9e de lecture estim\u00e9e":"1 minute"},"schema":{"@context":"https:\/\/schema.org","@graph":[{"@type":"WebPage","@id":"https:\/\/www.yoolabox.com\/index.php\/basketball-billetterie-accessible-handicap\/","url":"https:\/\/www.yoolabox.com\/index.php\/basketball-billetterie-accessible-handicap\/","name":"Basket-ball - Billetterie accessible aux spectateurs handicap\u00e9s - Yoolabox.com","isPartOf":{"@id":"https:\/\/www.yoolabox.com\/#website"},"datePublished":"2017-09-12T14:47:19+00:00","dateModified":"2018-03-13T16:49:16+00:00","description":"Basket-ball - Billetterie accessible aux spectateurs handicap\u00e9s - Yoolabox.com","breadcrumb":{"@id":"https:\/\/www.yoolabox.com\/index.php\/basketball-billetterie-accessible-handicap\/#breadcrumb"},"inLanguage":"fr-FR","potentialAction":[{"@type":"ReadAction","target":["https:\/\/www.yoolabox.com\/index.php\/basketball-billetterie-accessible-handicap\/"]}]},{"@type":"BreadcrumbList","@id":"https:\/\/www.yoolabox.com\/index.php\/basketball-billetterie-accessible-handicap\/#breadcrumb","itemListElement":[{"@type":"ListItem","position":1,"name":"Home","item":"https:\/\/www.yoolabox.com\/"},{"@type":"ListItem","position":2,"name":"Basket-ball &#8211; Billetterie accessible aux spectateurs handicap\u00e9s"}]},{"@type":"WebSite","@id":"https:\/\/www.yoolabox.com\/#website","url":"https:\/\/www.yoolabox.com\/","name":"Yoolabox.com","description":"La billetterie accessible \u00e0 tous","publisher":{"@id":"https:\/\/www.yoolabox.com\/#organization"},"potentialAction":[{"@type":"SearchAction","target":{"@type":"EntryPoint","urlTemplate":"https:\/\/www.yoolabox.com\/?s={search_term_string}"},"query-input":{"@type":"PropertyValueSpecification","valueRequired":true,"valueName":"search_term_string"}}],"inLanguage":"fr-FR"},{"@type":"Organization","@id":"https:\/\/www.yoolabox.com\/#organization","name":"Yoolabox.com","url":"https:\/\/www.yoolabox.com\/","logo":{"@type":"ImageObject","inLanguage":"fr-FR","@id":"https:\/\/www.yoolabox.com\/#\/schema\/logo\/image\/","url":"https:\/\/www.yoolabox.com\/wp-content\/uploads\/2019\/11\/cropped-Logo_web.jpg","contentUrl":"https:\/\/www.yoolabox.com\/wp-content\/uploads\/2019\/11\/cropped-Logo_web.jpg","width":300,"height":100,"caption":"Yoolabox.com"},"image":{"@id":"https:\/\/www.yoolabox.com\/#\/schema\/logo\/image\/"}}]}},"publishpress_future_action":{"enabled":false,"date":"2026-04-24 08:31:09","action":"change-status","newStatus":"draft","terms":[],"taxonomy":"","extraData":[]},"publishpress_future_workflow_manual_trigger":{"enabledWorkflows":[]},"_links":{"self":[{"href":"https:\/\/www.yoolabox.com\/index.php\/wp-json\/wp\/v2\/pages\/4854","targetHints":{"allow":["GET"]}}],"collection":[{"href":"https:\/\/www.yoolabox.com\/index.php\/wp-json\/wp\/v2\/pages"}],"about":[{"href":"https:\/\/www.yoolabox.com\/index.php\/wp-json\/wp\/v2\/types\/page"}],"author":[{"embeddable":true,"href":"https:\/\/www.yoolabox.com\/index.php\/wp-json\/wp\/v2\/users\/1"}],"replies":[{"embeddable":true,"href":"https:\/\/www.yoolabox.com\/index.php\/wp-json\/wp\/v2\/comments?post=4854"}],"version-history":[{"count":0,"href":"https:\/\/www.yoolabox.com\/index.php\/wp-json\/wp\/v2\/pages\/4854\/revisions"}],"wp:attachment":[{"href":"https:\/\/www.yoolabox.com\/index.php\/wp-json\/wp\/v2\/media?parent=4854"}],"curies":[{"name":"wp","href":"https:\/\/api.w.org\/{rel}","templated":true}]}}